Last updated on 2024-08-17 05:49:35 CEST.
Flavor | Version | Tinstall | Tcheck | Ttotal | Status | Flags |
---|---|---|---|---|---|---|
r-devel-linux-x86_64-debian-clang | 1.13.0 | 60.46 | 331.11 | 391.57 | NOTE | |
r-devel-linux-x86_64-debian-gcc | 1.13.0 | 42.27 | 231.33 | 273.60 | NOTE | |
r-devel-linux-x86_64-fedora-clang | 1.13.0 | 690.52 | NOTE | |||
r-devel-linux-x86_64-fedora-gcc | 1.13.0 | 647.17 | OK | |||
r-devel-windows-x86_64 | 1.13.0 | 69.00 | 322.00 | 391.00 | NOTE | |
r-patched-linux-x86_64 | 1.13.0 | 68.03 | 311.04 | 379.07 | OK | |
r-release-linux-x86_64 | 1.13.0 | 65.64 | 312.32 | 377.96 | OK | |
r-release-macos-arm64 | 1.13.0 | 158.00 | NOTE | |||
r-release-macos-x86_64 | 1.13.0 | 245.00 | NOTE | |||
r-release-windows-x86_64 | 1.13.0 | 71.00 | 330.00 | 401.00 | OK | |
r-oldrel-macos-arm64 | 1.13.0 | 179.00 | NOTE | |||
r-oldrel-macos-x86_64 | 1.13.0 | 423.00 | NOTE | |||
r-oldrel-windows-x86_64 | 1.13.0 | 87.00 | 448.00 | 535.00 | OK |
Version: 1.13.0
Check: Rd cross-references
Result: NOTE
Found the following Rd file(s) with Rd \link{} targets missing package
anchors:
inter-range-methods.Rd: IRanges
Please provide package anchors for all Rd \link{} targets not in the
package itself and the base packages.
Flavors: r-devel-linux-x86_64-debian-clang, r-devel-linux-x86_64-debian-gcc, r-devel-windows-x86_64
Version: 1.13.0
Check: package dependencies
Result: NOTE
Imports includes 26 non-default packages.
Importing from so many packages makes the package vulnerable to any of
them becoming unavailable. Move as many as possible to Suggests and
use conditionally.
Flavor: r-devel-linux-x86_64-fedora-clang
Version: 1.13.0
Check: installed package size
Result: NOTE
installed size is 5.1Mb
sub-directories of 1Mb or more:
R 2.1Mb
libs 1.9Mb
Flavors: r-release-macos-arm64, r-release-macos-x86_64, r-oldrel-macos-x86_64
Version: 1.13.0
Check: package dependencies
Result: NOTE
Packages suggested but not available for checking:
'chromVAR', 'TFBSTools', 'motifmatchr'
Flavors: r-oldrel-macos-arm64, r-oldrel-macos-x86_64
Version: 1.13.0
Check: Rd cross-references
Result: NOTE
Packages unavailable to check Rd xrefs: ‘motifmatchr’, ‘TFBSTools’, ‘chromVAR’
Flavors: r-oldrel-macos-arm64, r-oldrel-macos-x86_64