Last updated on 2024-08-17 05:49:35 CEST.
Flavor | Version | Tinstall | Tcheck | Ttotal | Status | Flags |
---|---|---|---|---|---|---|
r-devel-linux-x86_64-debian-clang | 1.5.1 | 23.49 | 155.44 | 178.93 | NOTE | |
r-devel-linux-x86_64-debian-gcc | 1.5.1 | 13.28 | 106.95 | 120.23 | NOTE | |
r-devel-linux-x86_64-fedora-clang | 1.5.1 | 291.96 | OK | |||
r-devel-linux-x86_64-fedora-gcc | 1.5.1 | 287.90 | OK | |||
r-devel-windows-x86_64 | 1.5.1 | 24.00 | 161.00 | 185.00 | NOTE | |
r-patched-linux-x86_64 | 1.5.1 | 31.51 | 146.03 | 177.54 | OK | |
r-release-linux-x86_64 | 1.5.1 | 19.95 | 146.26 | 166.21 | OK | |
r-release-macos-arm64 | 1.5.1 | 71.00 | OK | |||
r-release-macos-x86_64 | 1.5.1 | 111.00 | OK | |||
r-release-windows-x86_64 | 1.5.1 | 24.00 | 163.00 | 187.00 | OK | |
r-oldrel-macos-arm64 | 1.5.1 | 85.00 | OK | |||
r-oldrel-macos-x86_64 | 1.5.1 | 200.00 | NOTE | |||
r-oldrel-windows-x86_64 | 1.5.1 | 31.00 | 211.00 | 242.00 | OK |
Version: 1.5.1
Check: Rd cross-references
Result: NOTE
Found the following Rd file(s) with Rd \link{} targets missing package
anchors:
coef-BlisClass-method.Rd: coef,SingleGroupClass-method
plot_corr.Rd: ggplot2
Please provide package anchors for all Rd \link{} targets not in the
package itself and the base packages.
Flavors: r-devel-linux-x86_64-debian-clang, r-devel-linux-x86_64-debian-gcc, r-devel-windows-x86_64
Version: 1.5.1
Check: installed package size
Result: NOTE
installed size is 5.1Mb
sub-directories of 1Mb or more:
ShinyItemAnalysis 2.3Mb
data 2.1Mb
Flavor: r-oldrel-macos-x86_64