CRAN Package Check Results for Package SensusR

Last updated on 2025-02-11 03:50:21 CET.

Flavor Version Tinstall Tcheck Ttotal Status Flags
r-devel-linux-x86_64-debian-clang 2.3.1 2.76 25.23 27.99 NOTE
r-devel-linux-x86_64-debian-gcc 2.3.1 2.04 20.58 22.62 NOTE
r-devel-linux-x86_64-fedora-clang 2.3.1 47.76 OK
r-devel-linux-x86_64-fedora-gcc 2.3.1 41.77 OK
r-devel-windows-x86_64 2.3.1 5.00 49.00 54.00 NOTE
r-patched-linux-x86_64 2.3.1 8.73 23.77 32.50 OK
r-release-linux-x86_64 2.3.1 2.69 24.19 26.88 OK
r-release-macos-arm64 2.3.1 19.00 OK
r-release-macos-x86_64 2.3.1 28.00 OK
r-release-windows-x86_64 2.3.1 5.00 50.00 55.00 OK
r-oldrel-macos-arm64 2.3.1 20.00 OK
r-oldrel-macos-x86_64 2.3.1 25.00 OK
r-oldrel-windows-x86_64 2.3.1 5.00 50.00 55.00 OK

Check Details

Version: 2.3.1
Check: Rd cross-references
Result: NOTE Found the following Rd file(s) with Rd \link{} targets missing package anchors: plot.LocationDatum.Rd: qmap, geom_point Please provide package anchors for all Rd \link{} targets not in the package itself and the base packages. Flavors: r-devel-linux-x86_64-debian-clang, r-devel-linux-x86_64-debian-gcc, r-devel-windows-x86_64