Last updated on 2024-08-18 04:48:24 CEST.
Flavor | Version | Tinstall | Tcheck | Ttotal | Status | Flags |
---|---|---|---|---|---|---|
r-devel-linux-x86_64-debian-clang | 1.1 | 3.70 | 32.31 | 36.01 | NOTE | |
r-devel-linux-x86_64-debian-gcc | 1.1 | 2.73 | 24.02 | 26.75 | NOTE | |
r-devel-linux-x86_64-fedora-clang | 1.1 | 60.05 | NOTE | |||
r-devel-linux-x86_64-fedora-gcc | 1.1 | 72.44 | NOTE | |||
r-devel-windows-x86_64 | 1.1 | 5.00 | 55.00 | 60.00 | NOTE | |
r-patched-linux-x86_64 | 1.1 | 3.92 | 30.65 | 34.57 | NOTE | |
r-release-linux-x86_64 | 1.1 | 3.99 | 30.79 | 34.78 | NOTE | |
r-release-macos-arm64 | 1.1 | 26.00 | NOTE | |||
r-release-macos-x86_64 | 1.1 | 44.00 | NOTE | |||
r-release-windows-x86_64 | 1.1 | 5.00 | 53.00 | 58.00 | NOTE | |
r-oldrel-macos-arm64 | 1.1 | 26.00 | OK | |||
r-oldrel-macos-x86_64 | 1.1 | 42.00 | OK | |||
r-oldrel-windows-x86_64 | 1.1 | 5.00 | 67.00 | 72.00 | OK |
Version: 1.1
Check: Rd files
Result: NOTE
checkRd: (-1) plot.SRCS.Rd:48-50: Lost braces in \itemize; meant \describe ?
checkRd: (-1) plot.SRCS.Rd:51: Lost braces in \itemize; meant \describe ?
checkRd: (-1) plot.SRCS.Rd:52-53: Lost braces in \itemize; meant \describe ?
checkRd: (-1) plot.SRCS.Rd:54: Lost braces in \itemize; meant \describe ?
checkRd: (-1) plot.SRCS.Rd:55: Lost braces in \itemize; meant \describe ?
checkRd: (-1) plot.SRCS.Rd:56-58: Lost braces in \itemize; meant \describe ?
checkRd: (-1) plot.SRCS.Rd:59-60: Lost braces in \itemize; meant \describe ?
checkRd: (-1) plot.SRCS.Rd:61-62: Lost braces in \itemize; meant \describe ?
checkRd: (-1) plot.SRCS.Rd:63-64: Lost braces in \itemize; meant \describe ?
checkRd: (-1) plot.SRCS.Rd:65-66: Lost braces in \itemize; meant \describe ?
checkRd: (-1) plot.SRCS.Rd:72-73: Lost braces in \itemize; meant \describe ?
checkRd: (-1) plot.SRCS.Rd:74-75: Lost braces in \itemize; meant \describe ?
checkRd: (-1) plot.SRCS.Rd:76: Lost braces in \itemize; meant \describe ?
checkRd: (-1) plot.SRCS.Rd:77-79: Lost braces in \itemize; meant \describe ?
checkRd: (-1) plot.SRCS.Rd:80-81: Lost braces in \itemize; meant \describe ?
checkRd: (-1) plot.SRCS.Rd:82: Lost braces in \itemize; meant \describe ?
checkRd: (-1) plot.SRCS.Rd:87-88: Lost braces in \itemize; meant \describe ?
checkRd: (-1) plot.SRCS.Rd:89: Lost braces in \itemize; meant \describe ?
checkRd: (-1) plot.SRCS.Rd:143-144: Lost braces in \itemize; meant \describe ?
checkRd: (-1) plot.SRCS.Rd:145: Lost braces in \itemize; meant \describe ?
checkRd: (-1) plot.SRCS.Rd:146-148: Lost braces in \itemize; meant \describe ?
checkRd: (-1) plot.SRCS.Rd:149: Lost braces in \itemize; meant \describe ?
Flavors: r-devel-linux-x86_64-debian-clang, r-devel-linux-x86_64-debian-gcc, r-devel-linux-x86_64-fedora-clang, r-devel-linux-x86_64-fedora-gcc, r-devel-windows-x86_64, r-patched-linux-x86_64, r-release-linux-x86_64, r-release-macos-arm64, r-release-macos-x86_64, r-release-windows-x86_64
Version: 1.1
Check: Rd cross-references
Result: NOTE
Undeclared packages ‘RColorBrewer’, ‘colorspace’ in Rd xrefs
Flavor: r-devel-linux-x86_64-fedora-clang