CRAN Package Check Results for Package SLTCA

Last updated on 2025-02-04 05:50:31 CET.

Flavor Version Tinstall Tcheck Ttotal Status Flags
r-devel-linux-x86_64-debian-clang 0.1.0 2.86 34.34 37.20 OK
r-devel-linux-x86_64-debian-gcc 0.1.0 1.81 24.57 26.38 OK
r-devel-linux-x86_64-fedora-clang 0.1.0 63.83 OK
r-devel-linux-x86_64-fedora-gcc 0.1.0 57.65 OK
r-devel-windows-x86_64 0.1.0 6.00 54.00 60.00 OK
r-patched-linux-x86_64 0.1.0 3.61 32.33 35.94 NOTE
r-release-linux-x86_64 0.1.0 3.50 32.22 35.72 NOTE
r-release-macos-arm64 0.1.0 22.00 NOTE
r-release-macos-x86_64 0.1.0 34.00 NOTE
r-release-windows-x86_64 0.1.0 4.00 51.00 55.00 NOTE
r-oldrel-macos-arm64 0.1.0 24.00 NOTE
r-oldrel-macos-x86_64 0.1.0 34.00 NOTE
r-oldrel-windows-x86_64 0.1.0 6.00 60.00 66.00 NOTE

Check Details

Version: 0.1.0
Check: LazyData
Result: NOTE 'LazyData' is specified without a 'data' directory Flavors: r-patched-linux-x86_64, r-release-linux-x86_64, r-release-macos-arm64, r-release-macos-x86_64, r-release-windows-x86_64, r-oldrel-macos-arm64, r-oldrel-macos-x86_64, r-oldrel-windows-x86_64