Last updated on 2024-08-18 04:48:23 CEST.
Flavor | Version | Tinstall | Tcheck | Ttotal | Status | Flags |
---|---|---|---|---|---|---|
r-devel-linux-x86_64-debian-clang | 1.4 | 14.08 | 468.42 | 482.50 | WARN | |
r-devel-linux-x86_64-debian-gcc | 1.4 | 10.49 | 261.51 | 272.00 | WARN | |
r-devel-linux-x86_64-fedora-clang | 1.4 | 717.82 | WARN | |||
r-devel-linux-x86_64-fedora-gcc | 1.4 | 817.59 | WARN | |||
r-devel-windows-x86_64 | 1.4 | 123.00 | 520.00 | 643.00 | WARN | |
r-patched-linux-x86_64 | 1.4 | 13.97 | 403.42 | 417.39 | OK | |
r-release-linux-x86_64 | 1.4 | 14.25 | 414.26 | 428.51 | OK | |
r-release-macos-arm64 | 1.4 | 288.00 | OK | |||
r-release-macos-x86_64 | 1.4 | 806.00 | OK | |||
r-release-windows-x86_64 | 1.4 | 126.00 | 525.00 | 651.00 | OK | |
r-oldrel-macos-arm64 | 1.4 | 285.00 | OK | |||
r-oldrel-macos-x86_64 | 1.4 | 816.00 | OK | |||
r-oldrel-windows-x86_64 | 1.4 | 142.00 | 607.00 | 749.00 | OK |
Version: 1.4
Check: ‘build’ directory
Result: WARN
Source(s) listed in 'build/vignette.rds' but not in package:
‘SGP-documentation.Rmd’
‘SSI-documentation.Rmd’
Flavors: r-devel-linux-x86_64-debian-clang, r-devel-linux-x86_64-debian-gcc, r-devel-linux-x86_64-fedora-clang, r-devel-linux-x86_64-fedora-gcc, r-devel-windows-x86_64