Last updated on 2025-04-14 04:51:58 CEST.
Flavor | Version | Tinstall | Tcheck | Ttotal | Status | Flags |
---|---|---|---|---|---|---|
r-devel-linux-x86_64-debian-clang | 0.1.4 | 30.56 | 23.28 | 53.84 | NOTE | |
r-devel-linux-x86_64-debian-gcc | 0.1.4 | 22.01 | 19.27 | 41.28 | NOTE | |
r-devel-linux-x86_64-fedora-gcc | 0.1.4 | 97.18 | NOTE | |||
r-devel-macos-arm64 | 0.1.4 | 31.00 | NOTE | |||
r-devel-macos-x86_64 | 0.1.4 | 46.00 | NOTE | |||
r-devel-windows-x86_64 | 0.1.4 | 36.00 | 66.00 | 102.00 | NOTE | |
r-patched-linux-x86_64 | 0.1.4 | 30.00 | 23.35 | 53.35 | NOTE | |
r-release-linux-x86_64 | 0.1.4 | 29.46 | 23.48 | 52.94 | NOTE | |
r-release-macos-arm64 | 0.1.4 | 29.00 | NOTE | |||
r-release-macos-x86_64 | 0.1.4 | 49.00 | NOTE | |||
r-release-windows-x86_64 | 0.1.4 | 42.00 | 77.00 | 119.00 | NOTE | |
r-oldrel-macos-arm64 | 0.1.4 | NOTE | ||||
r-oldrel-macos-x86_64 | 0.1.4 | 55.00 | NOTE | |||
r-oldrel-windows-x86_64 | 0.1.4 | 41.00 | 76.00 | 117.00 | NOTE |
Version: 0.1.4
Check: C++ specification
Result: NOTE
Specified C++11: please drop specification unless essential
Flavors: r-devel-linux-x86_64-debian-clang, r-devel-linux-x86_64-debian-gcc, r-devel-linux-x86_64-fedora-gcc, r-devel-macos-arm64, r-devel-macos-x86_64, r-devel-windows-x86_64, r-patched-linux-x86_64, r-release-linux-x86_64, r-release-macos-arm64, r-release-macos-x86_64, r-release-windows-x86_64, r-oldrel-macos-arm64, r-oldrel-macos-x86_64, r-oldrel-windows-x86_64