Last updated on 2025-02-04 05:50:30 CET.
Flavor | Version | Tinstall | Tcheck | Ttotal | Status | Flags |
---|---|---|---|---|---|---|
r-devel-linux-x86_64-debian-clang | 0.1.1 | 17.15 | 38.56 | 55.71 | OK | |
r-devel-linux-x86_64-debian-gcc | 0.1.1 | 11.82 | 30.08 | 41.90 | OK | |
r-devel-linux-x86_64-fedora-clang | 0.1.1 | 106.75 | NOTE | |||
r-devel-linux-x86_64-fedora-gcc | 0.1.1 | 112.39 | NOTE | |||
r-devel-windows-x86_64 | 0.1.1 | 22.00 | 84.00 | 106.00 | OK | |
r-patched-linux-x86_64 | 0.1.1 | 16.01 | 37.42 | 53.43 | NOTE | |
r-release-linux-x86_64 | 0.1.1 | 17.31 | 37.07 | 54.38 | NOTE | |
r-release-macos-arm64 | 0.1.1 | 36.00 | NOTE | |||
r-release-macos-x86_64 | 0.1.1 | 52.00 | NOTE | |||
r-release-windows-x86_64 | 0.1.1 | 20.00 | 82.00 | 102.00 | NOTE | |
r-oldrel-macos-arm64 | 0.1.1 | 40.00 | NOTE | |||
r-oldrel-macos-x86_64 | 0.1.1 | 85.00 | NOTE | |||
r-oldrel-windows-x86_64 | 0.1.1 | 25.00 | 97.00 | 122.00 | NOTE |
Version: 0.1.1
Check: dependencies in R code
Result: NOTE
Namespaces in Imports field not imported from:
‘Matrix’ ‘pracma’
All declared Imports should be used.
Flavors: r-devel-linux-x86_64-fedora-clang, r-devel-linux-x86_64-fedora-gcc
Version: 0.1.1
Check: LazyData
Result: NOTE
'LazyData' is specified without a 'data' directory
Flavors: r-patched-linux-x86_64, r-release-linux-x86_64, r-release-macos-arm64, r-release-macos-x86_64, r-release-windows-x86_64, r-oldrel-macos-arm64, r-oldrel-macos-x86_64, r-oldrel-windows-x86_64