Last updated on 2024-08-18 04:48:23 CEST.
Flavor | Version | Tinstall | Tcheck | Ttotal | Status | Flags |
---|---|---|---|---|---|---|
r-devel-linux-x86_64-debian-clang | 0.23 | 523.45 | 41.43 | 564.88 | OK | |
r-devel-linux-x86_64-debian-gcc | 0.23 | 411.24 | 40.07 | 451.31 | OK | |
r-devel-linux-x86_64-fedora-clang | 0.23 | 1171.44 | OK | |||
r-devel-linux-x86_64-fedora-gcc | 0.23 | 1401.91 | OK | |||
r-devel-windows-x86_64 | 0.23 | 568.00 | 116.00 | 684.00 | OK | |
r-patched-linux-x86_64 | 0.23 | 581.02 | 51.05 | 632.07 | OK | |
r-release-linux-x86_64 | 0.23 | 582.44 | 51.05 | 633.49 | OK | |
r-release-macos-arm64 | 0.23 | 259.00 | NOTE | |||
r-release-macos-x86_64 | 0.23 | 259.00 | NOTE | |||
r-release-windows-x86_64 | 0.23 | 581.00 | 117.00 | 698.00 | OK | |
r-oldrel-macos-arm64 | 0.23 | 256.00 | NOTE | |||
r-oldrel-macos-x86_64 | 0.23 | 264.00 | NOTE | |||
r-oldrel-windows-x86_64 | 0.23 | 685.00 | 133.00 | 818.00 | OK |
Version: 0.23
Check: installed package size
Result: NOTE
installed size is 47.7Mb
sub-directories of 1Mb or more:
libs 46.5Mb
Flavors: r-release-macos-arm64, r-release-macos-x86_64, r-oldrel-macos-arm64, r-oldrel-macos-x86_64