Last updated on 2024-08-17 05:49:33 CEST.
Flavor | Version | Tinstall | Tcheck | Ttotal | Status | Flags |
---|---|---|---|---|---|---|
r-devel-linux-x86_64-debian-clang | 0.3.0 | 10.00 | 161.58 | 171.58 | NOTE | |
r-devel-linux-x86_64-debian-gcc | 0.3.0 | 8.22 | 107.82 | 116.04 | NOTE | |
r-devel-linux-x86_64-fedora-clang | 0.3.0 | 298.32 | OK | |||
r-devel-linux-x86_64-fedora-gcc | 0.3.0 | 278.97 | OK | |||
r-devel-windows-x86_64 | 0.3.0 | 13.00 | 159.00 | 172.00 | NOTE | |
r-patched-linux-x86_64 | 0.3.0 | 18.91 | 150.78 | 169.69 | OK | |
r-release-linux-x86_64 | 0.3.0 | 10.74 | 152.87 | 163.61 | OK | |
r-release-macos-arm64 | 0.3.0 | 71.00 | OK | |||
r-release-macos-x86_64 | 0.3.0 | 146.00 | OK | |||
r-release-windows-x86_64 | 0.3.0 | 13.00 | 159.00 | 172.00 | OK | |
r-oldrel-macos-arm64 | 0.3.0 | 76.00 | OK | |||
r-oldrel-macos-x86_64 | 0.3.0 | 219.00 | OK | |||
r-oldrel-windows-x86_64 | 0.3.0 | 17.00 | 203.00 | 220.00 | OK |
Version: 0.3.0
Check: Rd cross-references
Result: NOTE
Found the following Rd file(s) with Rd \link{} targets missing package
anchors:
robincar_SL.Rd: SuperLearner, AIPW
Please provide package anchors for all Rd \link{} targets not in the
package itself and the base packages.
Flavors: r-devel-linux-x86_64-debian-clang, r-devel-linux-x86_64-debian-gcc, r-devel-windows-x86_64