Last updated on 2024-08-18 04:48:22 CEST.
Flavor | Version | Tinstall | Tcheck | Ttotal | Status | Flags |
---|---|---|---|---|---|---|
r-devel-linux-x86_64-debian-clang | 1.2.1 | 18.62 | 155.51 | 174.13 | OK | |
r-devel-linux-x86_64-debian-gcc | 1.2.1 | 13.30 | 101.27 | 114.57 | OK | |
r-devel-linux-x86_64-fedora-clang | 1.2.1 | 280.77 | NOTE | |||
r-devel-linux-x86_64-fedora-gcc | 1.2.1 | 284.78 | OK | |||
r-devel-windows-x86_64 | 1.2.1 | 19.00 | 151.00 | 170.00 | OK | |
r-patched-linux-x86_64 | 1.2.1 | 17.38 | 146.04 | 163.42 | OK | |
r-release-linux-x86_64 | 1.2.1 | 16.82 | 149.45 | 166.27 | OK | |
r-release-macos-arm64 | 1.2.1 | 67.00 | OK | |||
r-release-macos-x86_64 | 1.2.1 | 140.00 | OK | |||
r-release-windows-x86_64 | 1.2.1 | 19.00 | 157.00 | 176.00 | OK | |
r-oldrel-macos-arm64 | 1.2.1 | 84.00 | OK | |||
r-oldrel-macos-x86_64 | 1.2.1 | 187.00 | OK | |||
r-oldrel-windows-x86_64 | 1.2.1 | 24.00 | 189.00 | 213.00 | OK |
Version: 1.2.1
Check: Rd cross-references
Result: NOTE
Undeclared package ‘ROptEst’ in Rd xrefs
Flavor: r-devel-linux-x86_64-fedora-clang