Last updated on 2025-02-11 03:50:20 CET.
Flavor | Version | Tinstall | Tcheck | Ttotal | Status | Flags |
---|---|---|---|---|---|---|
r-devel-linux-x86_64-debian-clang | 1.2.2 | 12.02 | 25.94 | 37.96 | OK | |
r-devel-linux-x86_64-debian-gcc | 1.2.2 | 9.97 | 20.83 | 30.80 | OK | |
r-devel-linux-x86_64-fedora-clang | 1.2.2 | 66.73 | OK | |||
r-devel-linux-x86_64-fedora-gcc | 1.2.2 | 64.56 | OK | |||
r-devel-windows-x86_64 | 1.2.2 | 22.00 | 42.00 | 64.00 | OK | |
r-patched-linux-x86_64 | 1.2.2 | 12.00 | 25.09 | 37.09 | OK | |
r-release-linux-x86_64 | 1.2.2 | 10.76 | 25.21 | 35.97 | OK | |
r-release-macos-arm64 | 1.2.2 | 33.00 | NOTE | |||
r-release-macos-x86_64 | 1.2.2 | 56.00 | NOTE | |||
r-release-windows-x86_64 | 1.2.2 | 30.00 | 43.00 | 73.00 | NOTE | |
r-oldrel-macos-arm64 | 1.2.2 | 35.00 | NOTE | |||
r-oldrel-macos-x86_64 | 1.2.2 | 57.00 | NOTE | |||
r-oldrel-windows-x86_64 | 1.2.2 | 27.00 | 52.00 | 79.00 | NOTE |
Version: 1.2.2
Check: installed package size
Result: NOTE
installed size is 11.5Mb
sub-directories of 1Mb or more:
R 11.4Mb
Flavors: r-release-macos-arm64, r-release-macos-x86_64, r-release-windows-x86_64, r-oldrel-macos-arm64, r-oldrel-macos-x86_64, r-oldrel-windows-x86_64