Last updated on 2024-08-17 05:49:32 CEST.
Flavor | Version | Tinstall | Tcheck | Ttotal | Status | Flags |
---|---|---|---|---|---|---|
r-devel-linux-x86_64-debian-clang | 1.2.3 | 56.44 | 58.43 | 114.87 | OK | |
r-devel-linux-x86_64-debian-gcc | 1.2.3 | 40.22 | 44.24 | 84.46 | OK | |
r-devel-linux-x86_64-fedora-clang | 1.2.3 | 204.57 | OK | |||
r-devel-linux-x86_64-fedora-gcc | 1.2.3 | 230.85 | OK | |||
r-devel-windows-x86_64 | 1.2.3 | 60.00 | 104.00 | 164.00 | OK | |
r-patched-linux-x86_64 | 1.2.3 | 58.44 | 54.60 | 113.04 | OK | |
r-release-linux-x86_64 | 1.2.3 | 54.75 | 56.04 | 110.79 | OK | |
r-release-macos-arm64 | 1.2.3 | 76.00 | NOTE | |||
r-release-macos-x86_64 | 1.2.3 | 76.00 | NOTE | |||
r-release-windows-x86_64 | 1.2.3 | 58.00 | 103.00 | 161.00 | OK | |
r-oldrel-macos-arm64 | 1.2.3 | 70.00 | NOTE | |||
r-oldrel-macos-x86_64 | 1.2.3 | 134.00 | NOTE | |||
r-oldrel-windows-x86_64 | 1.2.3 | 56.00 | 121.00 | 177.00 | OK |
Version: 1.2.3
Check: installed package size
Result: NOTE
installed size is 6.3Mb
sub-directories of 1Mb or more:
libs 3.4Mb
swagger 1.4Mb
Flavors: r-release-macos-arm64, r-release-macos-x86_64, r-oldrel-macos-arm64, r-oldrel-macos-x86_64