CRAN Package Check Results for Package RcppXPtrUtils

Last updated on 2025-02-04 05:50:28 CET.

Flavor Version Tinstall Tcheck Ttotal Status Flags
r-devel-linux-x86_64-debian-clang 0.1.2 1.63 27.96 29.59 NOTE
r-devel-linux-x86_64-debian-gcc 0.1.2 1.18 21.30 22.48 NOTE
r-devel-linux-x86_64-fedora-clang 0.1.2 51.83 OK
r-devel-linux-x86_64-fedora-gcc 0.1.2 49.43 OK
r-devel-windows-x86_64 0.1.2 3.00 58.00 61.00 NOTE
r-patched-linux-x86_64 0.1.2 2.03 26.95 28.98 OK
r-release-linux-x86_64 0.1.2 1.42 26.89 28.31 OK
r-release-macos-arm64 0.1.2 20.00 OK
r-release-macos-x86_64 0.1.2 31.00 OK
r-release-windows-x86_64 0.1.2 3.00 73.00 76.00 OK
r-oldrel-macos-arm64 0.1.2 22.00 OK
r-oldrel-macos-x86_64 0.1.2 30.00 OK
r-oldrel-windows-x86_64 0.1.2 3.00 61.00 64.00 OK

Check Details

Version: 0.1.2
Check: Rd cross-references
Result: NOTE Found the following Rd file(s) with Rd \link{} targets missing package anchors: cppXPtr.Rd: cppFunction Please provide package anchors for all Rd \link{} targets not in the package itself and the base packages. Flavors: r-devel-linux-x86_64-debian-clang, r-devel-linux-x86_64-debian-gcc, r-devel-windows-x86_64