CRAN Package Check Results for Package RcppParallel

Last updated on 2025-04-17 04:49:49 CEST.

Flavor Version Tinstall Tcheck Ttotal Status Flags
r-devel-linux-x86_64-debian-clang 5.1.10 41.84 52.09 93.93 OK
r-devel-linux-x86_64-debian-gcc 5.1.10 28.99 40.58 69.57 OK
r-devel-linux-x86_64-fedora-clang 5.1.10 207.66 OK
r-devel-linux-x86_64-fedora-gcc 5.1.10 179.03 OK
r-devel-windows-x86_64 5.1.10 162.00 104.00 266.00 OK
r-patched-linux-x86_64 5.1.10 38.15 52.32 90.47 OK
r-release-linux-x86_64 5.1.10 37.72 51.77 89.49 OK
r-release-macos-arm64 5.1.10 58.00 OK
r-release-macos-x86_64 5.1.10 111.00 OK
r-release-windows-x86_64 5.1.10 173.00 126.00 299.00 OK
r-oldrel-macos-arm64 5.1.10 52.00 NOTE
r-oldrel-macos-x86_64 5.1.10 137.00 NOTE
r-oldrel-windows-x86_64 5.1.10 158.00 114.00 272.00 NOTE

Check Details

Version: 5.1.10
Check: for GNU extensions in Makefiles
Result: NOTE GNU make is a SystemRequirements. Flavors: r-oldrel-macos-arm64, r-oldrel-macos-x86_64, r-oldrel-windows-x86_64