Last updated on 2025-02-10 03:49:28 CET.
Flavor | Version | Tinstall | Tcheck | Ttotal | Status | Flags |
---|---|---|---|---|---|---|
r-devel-linux-x86_64-debian-clang | 1.1.3.1 | 52.42 | 396.34 | 448.76 | NOTE | |
r-devel-linux-x86_64-debian-gcc | 1.1.3.1 | 37.36 | 300.53 | 337.89 | NOTE | |
r-devel-linux-x86_64-fedora-clang | 1.1.3.1 | 752.15 | OK | |||
r-devel-linux-x86_64-fedora-gcc | 1.1.3.1 | 731.72 | OK | |||
r-devel-windows-x86_64 | 1.1.3.1 | 49.00 | 335.00 | 384.00 | WARN | |
r-patched-linux-x86_64 | 1.1.3.1 | 57.24 | 371.09 | 428.33 | NOTE | |
r-release-linux-x86_64 | 1.1.3.1 | 47.99 | 371.14 | 419.13 | NOTE | |
r-release-macos-arm64 | 1.1.3.1 | 241.00 | NOTE | |||
r-release-macos-x86_64 | 1.1.3.1 | 323.00 | NOTE | |||
r-release-windows-x86_64 | 1.1.3.1 | 60.00 | 411.00 | 471.00 | NOTE | |
r-oldrel-macos-arm64 | 1.1.3.1 | 139.00 | NOTE | |||
r-oldrel-macos-x86_64 | 1.1.3.1 | 271.00 | NOTE | |||
r-oldrel-windows-x86_64 | 1.1.3.1 | 60.00 | 401.00 | 461.00 | NOTE |
Version: 1.1.3.1
Check: Rd cross-references
Result: NOTE
Found the following Rd file(s) with Rd \link{} targets missing package
anchors:
BiclustGUI.Rd: biclust, fabia, iBBiG, BicARE, superbiclust,
BcDiag-package
Please provide package anchors for all Rd \link{} targets not in the
package itself and the base packages.
Flavors: r-devel-linux-x86_64-debian-clang, r-devel-linux-x86_64-debian-gcc, r-devel-windows-x86_64
Version: 1.1.3.1
Check: whether package can be installed
Result: WARN
Found the following significant warnings:
Warning: multiple methods tables found for 'union'
Flavor: r-devel-windows-x86_64
Version: 1.1.3.1
Check: package dependencies
Result: NOTE
Depends: includes the non-default packages:
'biclust', 'fabia', 'iBBiG', 'superbiclust', 'BcDiag', 'BicARE',
's4vd', 'BiBitR'
Adding so many packages to the search path is excessive and importing
selectively is preferable.
Flavors: r-patched-linux-x86_64, r-release-linux-x86_64, r-release-macos-arm64, r-release-macos-x86_64, r-release-windows-x86_64, r-oldrel-windows-x86_64
Version: 1.1.3.1
Check: package dependencies
Result: NOTE
Package suggested but not available for checking: ‘rqubic’
Depends: includes the non-default packages:
'biclust', 'fabia', 'iBBiG', 'superbiclust', 'BcDiag', 'BicARE',
's4vd', 'BiBitR'
Adding so many packages to the search path is excessive and importing
selectively is preferable.
Flavors: r-oldrel-macos-arm64, r-oldrel-macos-x86_64