Last updated on 2024-08-17 05:49:34 CEST.
Flavor | Version | Tinstall | Tcheck | Ttotal | Status | Flags |
---|---|---|---|---|---|---|
r-devel-linux-x86_64-debian-clang | 0.9.3 | 10.45 | 95.03 | 105.48 | OK | |
r-devel-linux-x86_64-debian-gcc | 0.9.3 | 7.08 | 67.46 | 74.54 | OK | |
r-devel-linux-x86_64-fedora-clang | 0.9.3 | 168.25 | NOTE | |||
r-devel-linux-x86_64-fedora-gcc | 0.9.3 | 174.08 | NOTE | |||
r-devel-windows-x86_64 | 0.9.3 | 12.00 | 103.00 | 115.00 | OK | |
r-patched-linux-x86_64 | 0.9.3 | 10.06 | 88.16 | 98.22 | OK | |
r-release-linux-x86_64 | 0.9.3 | 9.56 | 88.26 | 97.82 | OK | |
r-release-macos-arm64 | 0.9.3 | 57.00 | OK | |||
r-release-macos-x86_64 | 0.9.3 | 86.00 | OK | |||
r-release-windows-x86_64 | 0.9.3 | 11.00 | 103.00 | 114.00 | OK | |
r-oldrel-macos-arm64 | 0.9.3 | 57.00 | OK | |||
r-oldrel-macos-x86_64 | 0.9.3 | 85.00 | OK | |||
r-oldrel-windows-x86_64 | 0.9.3 | 14.00 | 122.00 | 136.00 | OK |
Version: 0.9.3
Check: data for non-ASCII characters
Result: NOTE
Note: found 6 marked UTF-8 strings
Flavors: r-devel-linux-x86_64-fedora-clang, r-devel-linux-x86_64-fedora-gcc