Last updated on 2024-08-18 04:48:23 CEST.
Flavor | Version | Tinstall | Tcheck | Ttotal | Status | Flags |
---|---|---|---|---|---|---|
r-devel-linux-x86_64-debian-clang | 0.4-46 | 5.99 | 86.04 | 92.03 | OK | |
r-devel-linux-x86_64-debian-gcc | 0.4-46 | 6.31 | 62.59 | 68.90 | OK | |
r-devel-linux-x86_64-fedora-clang | 0.4-46 | 160.79 | OK | |||
r-devel-linux-x86_64-fedora-gcc | 0.4-46 | 172.41 | OK | |||
r-devel-windows-x86_64 | 0.4-46 | 10.00 | 111.00 | 121.00 | OK | |
r-patched-linux-x86_64 | 0.4-46 | 8.55 | 81.51 | 90.06 | OK | |
r-release-linux-x86_64 | 0.4-46 | 7.13 | 83.39 | 90.52 | OK | |
r-release-macos-arm64 | 0.4-46 | 49.00 | OK | |||
r-release-macos-x86_64 | 0.4-46 | 71.00 | OK | |||
r-release-windows-x86_64 | 0.4-46 | 11.00 | 110.00 | 121.00 | OK | |
r-oldrel-macos-arm64 | 0.4-46 | 58.00 | OK | |||
r-oldrel-macos-x86_64 | 0.4-46 | 78.00 | NOTE | |||
r-oldrel-windows-x86_64 | 0.4-46 | 8.00 | 116.00 | 124.00 | OK |
Version: 0.4-46
Check: package dependencies
Result: NOTE
Package suggested but not available for checking: ‘partykit’
Flavor: r-oldrel-macos-x86_64
Version: 0.4-46
Check: Rd cross-references
Result: NOTE
Package unavailable to check Rd xrefs: ‘partykit’
Flavor: r-oldrel-macos-x86_64