Last updated on 2024-08-17 05:49:33 CEST.
Flavor | Version | Tinstall | Tcheck | Ttotal | Status | Flags |
---|---|---|---|---|---|---|
r-devel-linux-x86_64-debian-clang | 0.4.1 | 5.14 | 39.78 | 44.92 | NOTE | |
r-devel-linux-x86_64-debian-gcc | 0.4.1 | 3.60 | 28.50 | 32.10 | NOTE | |
r-devel-linux-x86_64-fedora-clang | 0.4.1 | 72.02 | NOTE | |||
r-devel-linux-x86_64-fedora-gcc | 0.4.1 | 85.27 | NOTE | |||
r-devel-windows-x86_64 | 0.4.1 | 7.00 | 61.00 | 68.00 | NOTE | |
r-patched-linux-x86_64 | 0.4.1 | 4.69 | 37.29 | 41.98 | NOTE | |
r-release-linux-x86_64 | 0.4.1 | 4.39 | 37.43 | 41.82 | NOTE | |
r-release-macos-arm64 | 0.4.1 | 34.00 | NOTE | |||
r-release-macos-x86_64 | 0.4.1 | 61.00 | NOTE | |||
r-release-windows-x86_64 | 0.4.1 | 7.00 | 61.00 | 68.00 | NOTE | |
r-oldrel-macos-arm64 | 0.4.1 | 36.00 | NOTE | |||
r-oldrel-macos-x86_64 | 0.4.1 | 48.00 | NOTE | |||
r-oldrel-windows-x86_64 | 0.4.1 | 9.00 | 68.00 | 77.00 | NOTE |
Version: 0.4.1
Check: LazyData
Result: NOTE
'LazyData' is specified without a 'data' directory
Flavors: r-devel-linux-x86_64-debian-clang, r-devel-linux-x86_64-debian-gcc, r-devel-linux-x86_64-fedora-clang, r-devel-linux-x86_64-fedora-gcc, r-devel-windows-x86_64, r-patched-linux-x86_64, r-release-linux-x86_64, r-release-macos-arm64, r-release-macos-x86_64, r-release-windows-x86_64, r-oldrel-macos-arm64, r-oldrel-macos-x86_64, r-oldrel-windows-x86_64