Last updated on 2024-08-17 05:49:32 CEST.
Flavor | Version | Tinstall | Tcheck | Ttotal | Status | Flags |
---|---|---|---|---|---|---|
r-devel-linux-x86_64-debian-clang | 0.1.9 | 100.84 | 43.17 | 144.01 | NOTE | |
r-devel-linux-x86_64-debian-gcc | 0.1.9 | 70.97 | 30.86 | 101.83 | NOTE | |
r-devel-linux-x86_64-fedora-clang | 0.1.9 | 302.62 | NOTE | |||
r-devel-linux-x86_64-fedora-gcc | 0.1.9 | 305.76 | NOTE | |||
r-devel-windows-x86_64 | 0.1.9 | 116.00 | 93.00 | 209.00 | NOTE | |
r-patched-linux-x86_64 | 0.1.9 | 104.80 | 39.83 | 144.63 | NOTE | |
r-release-linux-x86_64 | 0.1.9 | 96.62 | 40.57 | 137.19 | NOTE | |
r-release-macos-arm64 | 0.1.9 | 72.00 | NOTE | |||
r-release-macos-x86_64 | 0.1.9 | 114.00 | NOTE | |||
r-release-windows-x86_64 | 0.1.9 | 116.00 | 93.00 | 209.00 | NOTE | |
r-oldrel-macos-arm64 | 0.1.9 | 83.00 | NOTE | |||
r-oldrel-macos-x86_64 | 0.1.9 | 141.00 | NOTE | |||
r-oldrel-windows-x86_64 | 0.1.9 | 137.00 | 107.00 | 244.00 | NOTE |
Version: 0.1.9
Check: C++ specification
Result: NOTE
Specified C++11: please drop specification unless essential
Flavors: r-devel-linux-x86_64-debian-clang, r-devel-linux-x86_64-debian-gcc, r-devel-linux-x86_64-fedora-clang, r-devel-linux-x86_64-fedora-gcc, r-devel-windows-x86_64, r-patched-linux-x86_64, r-release-linux-x86_64, r-release-macos-arm64, r-release-macos-x86_64, r-release-windows-x86_64, r-oldrel-macos-arm64, r-oldrel-macos-x86_64, r-oldrel-windows-x86_64