Last updated on 2025-02-10 03:49:29 CET.
Flavor | Version | Tinstall | Tcheck | Ttotal | Status | Flags |
---|---|---|---|---|---|---|
r-devel-linux-x86_64-debian-clang | 0.3-4 | 12.91 | 132.21 | 145.12 | NOTE | |
r-devel-linux-x86_64-debian-gcc | 0.3-4 | 8.05 | 87.36 | 95.41 | NOTE | |
r-devel-linux-x86_64-fedora-clang | 0.3-4 | 235.63 | OK | |||
r-devel-linux-x86_64-fedora-gcc | 0.3-4 | 215.51 | OK | |||
r-devel-windows-x86_64 | 0.3-4 | 13.00 | 127.00 | 140.00 | NOTE | |
r-patched-linux-x86_64 | 0.3-4 | 16.94 | 122.60 | 139.54 | OK | |
r-release-linux-x86_64 | 0.3-4 | 11.72 | 122.43 | 134.15 | OK | |
r-release-macos-arm64 | 0.3-4 | 56.00 | OK | |||
r-release-macos-x86_64 | 0.3-4 | 129.00 | OK | |||
r-release-windows-x86_64 | 0.3-4 | 14.00 | 128.00 | 142.00 | OK | |
r-oldrel-macos-arm64 | 0.3-4 | 63.00 | OK | |||
r-oldrel-macos-x86_64 | 0.3-4 | 123.00 | OK | |||
r-oldrel-windows-x86_64 | 0.3-4 | 16.00 | 170.00 | 186.00 | OK |
Version: 0.3-4
Check: Rd cross-references
Result: NOTE
Found the following Rd file(s) with Rd \link{} targets missing package
anchors:
plot.balancetest.Rd: ggplot, scale_color_manual
Please provide package anchors for all Rd \link{} targets not in the
package itself and the base packages.
Flavors: r-devel-linux-x86_64-debian-clang, r-devel-linux-x86_64-debian-gcc, r-devel-windows-x86_64