Last updated on 2025-02-10 03:49:28 CET.
Flavor | Version | Tinstall | Tcheck | Ttotal | Status | Flags |
---|---|---|---|---|---|---|
r-devel-linux-x86_64-debian-clang | 1.4.0 | 7.29 | 81.09 | 88.38 | NOTE | |
r-devel-linux-x86_64-debian-gcc | 1.4.0 | 3.85 | 58.61 | 62.46 | NOTE | |
r-devel-linux-x86_64-fedora-clang | 1.4.0 | 145.06 | NOTE | |||
r-devel-linux-x86_64-fedora-gcc | 1.4.0 | 157.89 | NOTE | |||
r-devel-windows-x86_64 | 1.4.0 | 11.00 | 106.00 | 117.00 | NOTE | |
r-patched-linux-x86_64 | 1.4.0 | 8.63 | 75.15 | 83.78 | OK | |
r-release-linux-x86_64 | 1.4.0 | 6.34 | 76.37 | 82.71 | OK | |
r-release-macos-arm64 | 1.4.0 | 59.00 | OK | |||
r-release-macos-x86_64 | 1.4.0 | 99.00 | OK | |||
r-release-windows-x86_64 | 1.4.0 | 12.00 | 105.00 | 117.00 | OK | |
r-oldrel-macos-arm64 | 1.4.0 | 56.00 | OK | |||
r-oldrel-macos-x86_64 | 1.4.0 | 100.00 | OK | |||
r-oldrel-windows-x86_64 | 1.4.0 | 11.00 | 121.00 | 132.00 | OK |
Version: 1.4.0
Check: DESCRIPTION meta-information
Result: NOTE
Missing dependency on R >= 4.1.0 because package code uses the pipe
|> or function shorthand \(...) syntax added in R 4.1.0.
File(s) using such syntax:
‘helpers-testing.R’ ‘validate.R’
Flavors: r-devel-linux-x86_64-debian-clang, r-devel-linux-x86_64-debian-gcc, r-devel-linux-x86_64-fedora-clang, r-devel-linux-x86_64-fedora-gcc, r-devel-windows-x86_64