Last updated on 2024-08-17 05:49:31 CEST.
Flavor | Version | Tinstall | Tcheck | Ttotal | Status | Flags |
---|---|---|---|---|---|---|
r-devel-linux-x86_64-debian-clang | 1.0.1 | 19.00 | 117.18 | 136.18 | NOTE | |
r-devel-linux-x86_64-debian-gcc | 1.0.1 | 12.69 | 80.97 | 93.66 | NOTE | |
r-devel-linux-x86_64-fedora-clang | 1.0.1 | 217.56 | OK | |||
r-devel-linux-x86_64-fedora-gcc | 1.0.1 | 204.73 | OK | |||
r-devel-windows-x86_64 | 1.0.1 | 21.00 | 119.00 | 140.00 | NOTE | |
r-patched-linux-x86_64 | 1.0.1 | 26.20 | 109.77 | 135.97 | OK | |
r-release-linux-x86_64 | 1.0.1 | 16.95 | 110.51 | 127.46 | OK | |
r-release-macos-arm64 | 1.0.1 | 59.00 | OK | |||
r-release-macos-x86_64 | 1.0.1 | 107.00 | OK | |||
r-release-windows-x86_64 | 1.0.1 | 21.00 | 120.00 | 141.00 | OK | |
r-oldrel-macos-arm64 | 1.0.1 | 75.00 | OK | |||
r-oldrel-macos-x86_64 | 1.0.1 | 131.00 | OK | |||
r-oldrel-windows-x86_64 | 1.0.1 | 27.00 | 148.00 | 175.00 | OK |
Version: 1.0.1
Check: Rd cross-references
Result: NOTE
Found the following Rd file(s) with Rd \link{} targets missing package
anchors:
Qcoxph.Rd: coxph, coxph.object, predict.coxph
Qest.control.Rd: pchreg
Please provide package anchors for all Rd \link{} targets not in the
package itself and the base packages.
Flavors: r-devel-linux-x86_64-debian-clang, r-devel-linux-x86_64-debian-gcc, r-devel-windows-x86_64