Last updated on 2024-08-18 04:48:20 CEST.
Flavor | Version | Tinstall | Tcheck | Ttotal | Status | Flags |
---|---|---|---|---|---|---|
r-devel-linux-x86_64-debian-clang | 0.4-31 | 18.63 | 117.32 | 135.95 | NOTE | |
r-devel-linux-x86_64-debian-gcc | 0.4-31 | 14.87 | 80.14 | 95.01 | NOTE | |
r-devel-linux-x86_64-fedora-clang | 0.4-31 | 222.55 | OK | |||
r-devel-linux-x86_64-fedora-gcc | 0.4-31 | 214.24 | OK | |||
r-devel-windows-x86_64 | 0.4-31 | 23.00 | 144.00 | 167.00 | NOTE | |
r-patched-linux-x86_64 | 0.4-31 | 19.71 | 109.07 | 128.78 | OK | |
r-release-linux-x86_64 | 0.4-31 | 17.27 | 109.23 | 126.50 | OK | |
r-release-macos-arm64 | 0.4-31 | 64.00 | OK | |||
r-release-macos-x86_64 | 0.4-31 | 175.00 | OK | |||
r-release-windows-x86_64 | 0.4-31 | 24.00 | 148.00 | 172.00 | OK | |
r-oldrel-macos-arm64 | 0.4-31 | 67.00 | OK | |||
r-oldrel-macos-x86_64 | 0.4-31 | 114.00 | OK | |||
r-oldrel-windows-x86_64 | 0.4-31 | 30.00 | 182.00 | 212.00 | OK |
Version: 0.4-31
Check: Rd cross-references
Result: NOTE
Found the following Rd file(s) with Rd \link{} targets missing package
anchors:
game-aux.Rd: gam
game.Rd: gam
Please provide package anchors for all Rd \link{} targets not in the
package itself and the base packages.
Flavors: r-devel-linux-x86_64-debian-clang, r-devel-linux-x86_64-debian-gcc, r-devel-windows-x86_64