Last updated on 2024-08-17 05:49:31 CEST.
Flavor | Version | Tinstall | Tcheck | Ttotal | Status | Flags |
---|---|---|---|---|---|---|
r-devel-linux-x86_64-debian-clang | 1.0.4.1 | 2005.04 | 187.53 | 2192.57 | NOTE | |
r-devel-linux-x86_64-debian-gcc | 1.0.4.1 | 1688.45 | 268.01 | 1956.46 | NOTE | |
r-devel-linux-x86_64-fedora-clang | 1.0.4.1 | 3210.55 | NOTE | |||
r-devel-linux-x86_64-fedora-gcc | 1.0.4.1 | 3584.00 | NOTE | |||
r-devel-windows-x86_64 | 1.0.4.1 | 1782.00 | 342.00 | 2124.00 | NOTE | |
r-patched-linux-x86_64 | 1.0.4.1 | 2235.63 | 357.48 | 2593.11 | NOTE | |
r-release-linux-x86_64 | 1.0.4.1 | 2238.43 | 362.82 | 2601.25 | NOTE | |
r-release-macos-arm64 | 1.0.4.1 | 618.00 | NOTE | |||
r-release-macos-x86_64 | 1.0.4.1 | 925.00 | NOTE | |||
r-release-windows-x86_64 | 1.0.4.1 | 1759.00 | 320.00 | 2079.00 | NOTE | |
r-oldrel-macos-arm64 | 1.0.4.1 | 900.00 | NOTE | |||
r-oldrel-macos-x86_64 | 1.0.4.1 | 723.00 | NOTE | |||
r-oldrel-windows-x86_64 | 1.0.4.1 | 2112.00 | 429.00 | 2541.00 | NOTE |
Version: 1.0.4.1
Check: for GNU extensions in Makefiles
Result: NOTE
GNU make is a SystemRequirements.
Flavors: r-devel-linux-x86_64-debian-clang, r-devel-linux-x86_64-debian-gcc, r-devel-linux-x86_64-fedora-clang, r-devel-linux-x86_64-fedora-gcc, r-devel-windows-x86_64, r-patched-linux-x86_64, r-release-linux-x86_64, r-release-macos-arm64, r-release-macos-x86_64, r-release-windows-x86_64, r-oldrel-macos-arm64, r-oldrel-macos-x86_64, r-oldrel-windows-x86_64
Version: 1.0.4.1
Check: installed package size
Result: NOTE
installed size is 21.2Mb
sub-directories of 1Mb or more:
libs 20.0Mb
Flavors: r-devel-linux-x86_64-fedora-clang, r-devel-windows-x86_64, r-release-macos-arm64, r-release-macos-x86_64, r-release-windows-x86_64, r-oldrel-macos-arm64, r-oldrel-macos-x86_64, r-oldrel-windows-x86_64