Last updated on 2025-02-10 03:49:27 CET.
Flavor | Version | Tinstall | Tcheck | Ttotal | Status | Flags |
---|---|---|---|---|---|---|
r-devel-linux-x86_64-debian-clang | 1.5.4 | 51.60 | 332.30 | 383.90 | NOTE | |
r-devel-linux-x86_64-debian-gcc | 1.5.4 | 35.21 | 210.42 | 245.63 | NOTE | |
r-devel-linux-x86_64-fedora-clang | 1.5.4 | 675.69 | OK | |||
r-devel-linux-x86_64-fedora-gcc | 1.5.4 | 576.17 | OK | |||
r-devel-windows-x86_64 | 1.5.4 | 45.00 | 246.00 | 291.00 | NOTE | |
r-patched-linux-x86_64 | 1.5.4 | 52.24 | 303.50 | 355.74 | NOTE | |
r-release-linux-x86_64 | 1.5.4 | 48.78 | 302.35 | 351.13 | NOTE | |
r-release-macos-arm64 | 1.5.4 | 122.00 | NOTE | |||
r-release-macos-x86_64 | 1.5.4 | 237.00 | NOTE | |||
r-release-windows-x86_64 | 1.5.4 | 44.00 | 244.00 | 288.00 | OK | |
r-oldrel-macos-arm64 | 1.5.4 | 120.00 | NOTE | |||
r-oldrel-macos-x86_64 | 1.5.4 | 234.00 | NOTE | |||
r-oldrel-windows-x86_64 | 1.5.4 | 60.00 | 346.00 | 406.00 | NOTE |
Version: 1.5.4
Check: Rd cross-references
Result: NOTE
Found the following Rd file(s) with Rd \link{} targets missing package
anchors:
adjust.sigma2.Rd: pdist
binomial.logistic.MCML.Rd: maxBFGS
glgm.LA.Rd: maxBFGS
linear.model.MLE.Rd: maxBFGS
lm.ps.MCML.Rd: maxBFGS
poisson.log.MCML.Rd: maxBFGS
spat.corr.diagnostic.Rd: glmer
Please provide package anchors for all Rd \link{} targets not in the
package itself and the base packages.
Flavors: r-devel-linux-x86_64-debian-clang, r-devel-linux-x86_64-debian-gcc, r-devel-windows-x86_64
Version: 1.5.4
Check: package dependencies
Result: NOTE
Package suggested but not available for checking: ‘INLA’
Flavors: r-patched-linux-x86_64, r-release-linux-x86_64, r-release-macos-arm64, r-release-macos-x86_64, r-oldrel-macos-arm64, r-oldrel-macos-x86_64, r-oldrel-windows-x86_64