Last updated on 2024-08-17 05:49:30 CEST.
Flavor | Version | Tinstall | Tcheck | Ttotal | Status | Flags |
---|---|---|---|---|---|---|
r-devel-linux-x86_64-debian-clang | 0.6.0 | 20.51 | 364.18 | 384.69 | NOTE | |
r-devel-linux-x86_64-debian-gcc | 0.6.0 | 15.24 | 221.13 | 236.37 | NOTE | |
r-devel-linux-x86_64-fedora-clang | 0.6.0 | 631.78 | OK | |||
r-devel-linux-x86_64-fedora-gcc | 0.6.0 | 601.27 | OK | |||
r-devel-windows-x86_64 | 0.6.0 | 23.00 | 332.00 | 355.00 | NOTE | |
r-patched-linux-x86_64 | 0.6.0 | 20.88 | 335.81 | 356.69 | OK | |
r-release-linux-x86_64 | 0.6.0 | 20.95 | 338.89 | 359.84 | OK | |
r-release-macos-arm64 | 0.6.0 | 135.00 | OK | |||
r-release-macos-x86_64 | 0.6.0 | 324.00 | OK | |||
r-release-windows-x86_64 | 0.6.0 | 24.00 | 332.00 | 356.00 | OK | |
r-oldrel-macos-arm64 | 0.6.0 | 153.00 | OK | |||
r-oldrel-macos-x86_64 | 0.6.0 | 279.00 | OK | |||
r-oldrel-windows-x86_64 | 0.6.0 | 30.00 | 451.00 | 481.00 | OK |
Version: 0.6.0
Check: Rd cross-references
Result: NOTE
Found the following Rd file(s) with Rd \link{} targets missing package
anchors:
ed_laplace_ofv.Rd: fdHess
Please provide package anchors for all Rd \link{} targets not in the
package itself and the base packages.
Flavors: r-devel-linux-x86_64-debian-clang, r-devel-linux-x86_64-debian-gcc, r-devel-windows-x86_64