Last updated on 2025-04-14 04:51:53 CEST.
Flavor | Version | Tinstall | Tcheck | Ttotal | Status | Flags |
---|---|---|---|---|---|---|
r-devel-linux-x86_64-debian-clang | 1.0.4 | 19.56 | 21.94 | 41.50 | OK | |
r-devel-linux-x86_64-debian-gcc | 1.0.4 | 13.69 | 17.38 | 31.07 | OK | |
r-devel-linux-x86_64-fedora-gcc | 1.0.4 | 70.93 | OK | |||
r-devel-macos-arm64 | 1.0.4 | 27.00 | OK | |||
r-devel-macos-x86_64 | 1.0.4 | 48.00 | OK | |||
r-devel-windows-x86_64 | 1.0.4 | 24.00 | 61.00 | 85.00 | OK | |
r-patched-linux-x86_64 | 1.0.4 | 18.52 | 21.84 | 40.36 | OK | |
r-release-linux-x86_64 | 1.0.4 | 19.27 | 21.69 | 40.96 | OK | |
r-release-macos-arm64 | 1.0.4 | 25.00 | NOTE | |||
r-release-macos-x86_64 | 1.0.4 | 41.00 | NOTE | |||
r-release-windows-x86_64 | 1.0.4 | 29.00 | 67.00 | 96.00 | NOTE | |
r-oldrel-macos-arm64 | 1.0.4 | NOTE | ||||
r-oldrel-macos-x86_64 | 1.0.4 | 41.00 | NOTE | |||
r-oldrel-windows-x86_64 | 1.0.4 | 28.00 | 71.00 | 99.00 | NOTE |
Version: 1.0.4
Check: LazyData
Result: NOTE
'LazyData' is specified without a 'data' directory
Flavors: r-release-macos-arm64, r-release-macos-x86_64, r-release-windows-x86_64, r-oldrel-macos-arm64, r-oldrel-macos-x86_64, r-oldrel-windows-x86_64