Last updated on 2025-02-04 05:50:26 CET.
Flavor | Version | Tinstall | Tcheck | Ttotal | Status | Flags |
---|---|---|---|---|---|---|
r-devel-linux-x86_64-debian-clang | 0.1.2 | 4.16 | 40.83 | 44.99 | OK | |
r-devel-linux-x86_64-debian-gcc | 0.1.2 | 2.67 | 30.85 | 33.52 | OK | |
r-devel-linux-x86_64-fedora-clang | 0.1.2 | 78.60 | NOTE | |||
r-devel-linux-x86_64-fedora-gcc | 0.1.2 | 83.31 | NOTE | |||
r-devel-windows-x86_64 | 0.1.2 | 5.00 | 56.00 | 61.00 | OK | |
r-patched-linux-x86_64 | 0.1.2 | 4.01 | 39.24 | 43.25 | OK | |
r-release-linux-x86_64 | 0.1.2 | 3.97 | 38.92 | 42.89 | OK | |
r-release-macos-arm64 | 0.1.2 | 27.00 | OK | |||
r-release-macos-x86_64 | 0.1.2 | 43.00 | OK | |||
r-release-windows-x86_64 | 0.1.2 | 4.00 | 54.00 | 58.00 | OK | |
r-oldrel-macos-arm64 | 0.1.2 | 29.00 | OK | |||
r-oldrel-macos-x86_64 | 0.1.2 | 42.00 | OK | |||
r-oldrel-windows-x86_64 | 0.1.2 | 6.00 | 59.00 | 65.00 | OK |
Version: 0.1.2
Check: dependencies in R code
Result: NOTE
Namespace in Imports field not imported from: ‘utils’
All declared Imports should be used.
Flavors: r-devel-linux-x86_64-fedora-clang, r-devel-linux-x86_64-fedora-gcc