Last updated on 2024-08-17 05:49:31 CEST.
Flavor | Version | Tinstall | Tcheck | Ttotal | Status | Flags |
---|---|---|---|---|---|---|
r-devel-linux-x86_64-debian-clang | 1.1.1 | 17.60 | 200.97 | 218.57 | OK | |
r-devel-linux-x86_64-debian-gcc | 1.1.1 | 12.62 | 146.49 | 159.11 | OK | |
r-devel-linux-x86_64-fedora-clang | 1.1.1 | 344.27 | NOTE | |||
r-devel-linux-x86_64-fedora-gcc | 1.1.1 | 343.38 | OK | |||
r-devel-windows-x86_64 | 1.1.1 | 22.00 | 208.00 | 230.00 | NOTE | |
r-patched-linux-x86_64 | 1.1.1 | 20.69 | 184.54 | 205.23 | OK | |
r-release-linux-x86_64 | 1.1.1 | 14.69 | 187.87 | 202.56 | OK | |
r-release-macos-arm64 | 1.1.1 | 101.00 | NOTE | |||
r-release-macos-x86_64 | 1.1.1 | 143.00 | NOTE | |||
r-release-windows-x86_64 | 1.1.1 | 19.00 | 206.00 | 225.00 | NOTE | |
r-oldrel-macos-arm64 | 1.1.1 | 112.00 | NOTE | |||
r-oldrel-macos-x86_64 | 1.1.1 | 234.00 | NOTE | |||
r-oldrel-windows-x86_64 | 1.1.1 | 27.00 | 266.00 | 293.00 | NOTE |
Version: 1.1.1
Check: installed package size
Result: NOTE
installed size is 7.9Mb
sub-directories of 1Mb or more:
doc 4.0Mb
examples 2.6Mb
Flavors: r-devel-linux-x86_64-fedora-clang, r-devel-windows-x86_64, r-release-macos-arm64, r-release-macos-x86_64, r-release-windows-x86_64, r-oldrel-macos-arm64, r-oldrel-macos-x86_64, r-oldrel-windows-x86_64