Last updated on 2024-08-17 05:49:30 CEST.
Flavor | Version | Tinstall | Tcheck | Ttotal | Status | Flags |
---|---|---|---|---|---|---|
r-devel-linux-x86_64-debian-clang | 0.1-14 | 7.07 | 22.87 | 29.94 | OK | |
r-devel-linux-x86_64-debian-gcc | 0.1-14 | 5.65 | 18.27 | 23.92 | OK | |
r-devel-linux-x86_64-fedora-clang | 0.1-14 | 49.61 | OK | |||
r-devel-linux-x86_64-fedora-gcc | 0.1-14 | 48.76 | OK | |||
r-devel-windows-x86_64 | 0.1-14 | 14.00 | 95.00 | 109.00 | NOTE | |
r-patched-linux-x86_64 | 0.1-14 | 6.48 | 21.87 | 28.35 | OK | |
r-release-linux-x86_64 | 0.1-14 | 5.96 | 22.06 | 28.02 | OK | |
r-release-macos-arm64 | 0.1-14 | 29.00 | OK | |||
r-release-macos-x86_64 | 0.1-14 | 53.00 | OK | |||
r-release-windows-x86_64 | 0.1-14 | 20.00 | 97.00 | 117.00 | NOTE | |
r-oldrel-macos-arm64 | 0.1-14 | 32.00 | OK | |||
r-oldrel-macos-x86_64 | 0.1-14 | 55.00 | OK | |||
r-oldrel-windows-x86_64 | 0.1-14 | 15.00 | 112.00 | 127.00 | OK |
Version: 0.1-14
Check: installed package size
Result: NOTE
installed size is 5.3Mb
sub-directories of 1Mb or more:
libs 5.1Mb
Flavors: r-devel-windows-x86_64, r-release-windows-x86_64