Last updated on 2024-08-18 04:48:19 CEST.
Flavor | Version | Tinstall | Tcheck | Ttotal | Status | Flags |
---|---|---|---|---|---|---|
r-devel-linux-x86_64-debian-clang | 1.2 | 17.33 | 61.31 | 78.64 | NOTE | |
r-devel-linux-x86_64-debian-gcc | 1.2 | 12.84 | 43.36 | 56.20 | NOTE | |
r-devel-linux-x86_64-fedora-clang | 1.2 | 128.36 | NOTE | |||
r-devel-linux-x86_64-fedora-gcc | 1.2 | 133.17 | NOTE | |||
r-devel-windows-x86_64 | 1.2 | 21.00 | 89.00 | 110.00 | NOTE | |
r-patched-linux-x86_64 | 1.2 | 16.42 | 58.05 | 74.47 | NOTE | |
r-release-linux-x86_64 | 1.2 | 15.93 | 58.04 | 73.97 | NOTE | |
r-release-macos-arm64 | 1.2 | 45.00 | NOTE | |||
r-release-macos-x86_64 | 1.2 | 61.00 | NOTE | |||
r-release-windows-x86_64 | 1.2 | 19.00 | 89.00 | 108.00 | NOTE | |
r-oldrel-macos-arm64 | 1.2 | 46.00 | OK | |||
r-oldrel-macos-x86_64 | 1.2 | 82.00 | OK | |||
r-oldrel-windows-x86_64 | 1.2 | 24.00 | 101.00 | 125.00 | OK |
Version: 1.2
Check: Rd files
Result: NOTE
checkRd: (-1) getPCRAData.Rd:28: Lost braces in \itemize; meant \describe ?
checkRd: (-1) getPCRAData.Rd:29: Lost braces in \itemize; meant \describe ?
Flavors: r-devel-linux-x86_64-debian-clang, r-devel-linux-x86_64-debian-gcc, r-devel-linux-x86_64-fedora-clang, r-devel-linux-x86_64-fedora-gcc, r-devel-windows-x86_64, r-patched-linux-x86_64, r-release-linux-x86_64, r-release-macos-arm64, r-release-macos-x86_64, r-release-windows-x86_64