Last updated on 2025-02-10 03:49:26 CET.
Flavor | Version | Tinstall | Tcheck | Ttotal | Status | Flags |
---|---|---|---|---|---|---|
r-devel-linux-x86_64-debian-clang | 0.1-0 | 6.44 | 63.87 | 70.31 | OK | |
r-devel-linux-x86_64-debian-gcc | 0.1-0 | 3.96 | 48.42 | 52.38 | OK | |
r-devel-linux-x86_64-fedora-clang | 0.1-0 | 116.85 | OK | |||
r-devel-linux-x86_64-fedora-gcc | 0.1-0 | 118.67 | OK | |||
r-devel-windows-x86_64 | 0.1-0 | 7.00 | 89.00 | 96.00 | OK | |
r-patched-linux-x86_64 | 0.1-0 | 6.23 | 59.58 | 65.81 | NOTE | |
r-release-linux-x86_64 | 0.1-0 | 5.29 | 60.03 | 65.32 | NOTE | |
r-release-macos-arm64 | 0.1-0 | 42.00 | NOTE | |||
r-release-macos-x86_64 | 0.1-0 | 74.00 | NOTE | |||
r-release-windows-x86_64 | 0.1-0 | 8.00 | 93.00 | 101.00 | NOTE | |
r-oldrel-macos-arm64 | 0.1-0 | 46.00 | NOTE | |||
r-oldrel-macos-x86_64 | 0.1-0 | 62.00 | NOTE | |||
r-oldrel-windows-x86_64 | 0.1-0 | 9.00 | 101.00 | 110.00 | NOTE |
Version: 0.1-0
Check: LazyData
Result: NOTE
'LazyData' is specified without a 'data' directory
Flavors: r-patched-linux-x86_64, r-release-linux-x86_64, r-release-macos-arm64, r-release-macos-x86_64, r-release-windows-x86_64, r-oldrel-macos-arm64, r-oldrel-macos-x86_64, r-oldrel-windows-x86_64