Last updated on 2024-08-17 05:49:29 CEST.
Flavor | Version | Tinstall | Tcheck | Ttotal | Status | Flags |
---|---|---|---|---|---|---|
r-devel-linux-x86_64-debian-clang | 1.1.0 | 14.67 | 163.97 | 178.64 | OK | |
r-devel-linux-x86_64-debian-gcc | 1.1.0 | 9.47 | 116.63 | 126.10 | OK | |
r-devel-linux-x86_64-fedora-clang | 1.1.0 | 297.91 | NOTE | |||
r-devel-linux-x86_64-fedora-gcc | 1.1.0 | 308.07 | NOTE | |||
r-devel-windows-x86_64 | 1.1.0 | 20.00 | 169.00 | 189.00 | NOTE | |
r-patched-linux-x86_64 | 1.1.0 | 17.21 | 159.31 | 176.52 | OK | |
r-release-linux-x86_64 | 1.1.0 | 16.61 | 160.72 | 177.33 | OK | |
r-release-macos-arm64 | 1.1.0 | 91.00 | NOTE | |||
r-release-macos-x86_64 | 1.1.0 | 273.00 | NOTE | |||
r-release-windows-x86_64 | 1.1.0 | 18.00 | 170.00 | 188.00 | NOTE | |
r-oldrel-macos-arm64 | 1.1.0 | 101.00 | NOTE | |||
r-oldrel-macos-x86_64 | 1.1.0 | 191.00 | NOTE | |||
r-oldrel-windows-x86_64 | 1.1.0 | 23.00 | 220.00 | 243.00 | NOTE |
Version: 1.1.0
Check: installed package size
Result: NOTE
installed size is 5.9Mb
sub-directories of 1Mb or more:
doc 4.3Mb
Flavors: r-devel-linux-x86_64-fedora-clang, r-devel-windows-x86_64, r-release-macos-arm64, r-release-macos-x86_64, r-release-windows-x86_64, r-oldrel-macos-arm64, r-oldrel-macos-x86_64, r-oldrel-windows-x86_64
Version: 1.1.0
Check: data for non-ASCII characters
Result: NOTE
Note: found 10 marked UTF-8 strings
Flavors: r-devel-linux-x86_64-fedora-clang, r-devel-linux-x86_64-fedora-gcc