Last updated on 2024-08-17 05:49:29 CEST.
Flavor | Version | Tinstall | Tcheck | Ttotal | Status | Flags |
---|---|---|---|---|---|---|
r-devel-linux-x86_64-debian-clang | 0.5 | 11.29 | 95.28 | 106.57 | OK | |
r-devel-linux-x86_64-debian-gcc | 0.5 | 6.91 | 68.97 | 75.88 | OK | |
r-devel-linux-x86_64-fedora-clang | 0.5 | 172.85 | NOTE | |||
r-devel-linux-x86_64-fedora-gcc | 0.5 | 176.47 | NOTE | |||
r-devel-windows-x86_64 | 0.5 | 15.00 | 126.00 | 141.00 | OK | |
r-patched-linux-x86_64 | 0.5 | 11.14 | 89.94 | 101.08 | OK | |
r-release-linux-x86_64 | 0.5 | 10.32 | 90.12 | 100.44 | OK | |
r-release-macos-arm64 | 0.5 | 67.00 | OK | |||
r-release-macos-x86_64 | 0.5 | 168.00 | OK | |||
r-release-windows-x86_64 | 0.5 | 15.00 | 127.00 | 142.00 | OK | |
r-oldrel-macos-arm64 | 0.5 | 103.00 | OK | |||
r-oldrel-macos-x86_64 | 0.5 | 149.00 | OK | |||
r-oldrel-windows-x86_64 | 0.5 | 18.00 | 152.00 | 170.00 | OK |
Version: 0.5
Check: data for non-ASCII characters
Result: NOTE
Note: found 21 marked UTF-8 strings
Flavors: r-devel-linux-x86_64-fedora-clang, r-devel-linux-x86_64-fedora-gcc