Last updated on 2024-08-17 05:49:29 CEST.
Flavor | Version | Tinstall | Tcheck | Ttotal | Status | Flags |
---|---|---|---|---|---|---|
r-devel-linux-x86_64-debian-clang | 1.0.2 | 5.09 | 53.51 | 58.60 | OK | |
r-devel-linux-x86_64-debian-gcc | 1.0.2 | 3.47 | 40.63 | 44.10 | OK | |
r-devel-linux-x86_64-fedora-clang | 1.0.2 | 93.60 | NOTE | |||
r-devel-linux-x86_64-fedora-gcc | 1.0.2 | 99.90 | NOTE | |||
r-devel-windows-x86_64 | 1.0.2 | 8.00 | 69.00 | 77.00 | OK | |
r-patched-linux-x86_64 | 1.0.2 | 5.00 | 50.83 | 55.83 | OK | |
r-release-linux-x86_64 | 1.0.2 | 3.68 | 50.42 | 54.10 | OK | |
r-release-macos-arm64 | 1.0.2 | 39.00 | OK | |||
r-release-macos-x86_64 | 1.0.2 | 62.00 | OK | |||
r-release-windows-x86_64 | 1.0.2 | 7.00 | 68.00 | 75.00 | OK | |
r-oldrel-macos-arm64 | 1.0.2 | 43.00 | OK | |||
r-oldrel-macos-x86_64 | 1.0.2 | 58.00 | OK | |||
r-oldrel-windows-x86_64 | 1.0.2 | 9.00 | 79.00 | 88.00 | OK |
Version: 1.0.2
Check: dependencies in R code
Result: NOTE
Namespaces in Imports field not imported from:
‘caret’ ‘e1071’ ‘ggthemes’ ‘mlbench’ ‘rmarkdown’ ‘tidymodels’
All declared Imports should be used.
Flavors: r-devel-linux-x86_64-fedora-clang, r-devel-linux-x86_64-fedora-gcc