CRAN Package Check Results for Package NestedCategBayesImpute

Last updated on 2025-02-04 05:50:25 CET.

Flavor Version Tinstall Tcheck Ttotal Status Flags
r-devel-linux-x86_64-debian-clang 1.2.1 79.95 42.56 122.51 NOTE
r-devel-linux-x86_64-debian-gcc 1.2.1 56.59 31.24 87.83 NOTE
r-devel-linux-x86_64-fedora-clang 1.2.1 271.38 NOTE
r-devel-linux-x86_64-fedora-gcc 1.2.1 245.57 NOTE
r-devel-windows-x86_64 1.2.1 93.00 85.00 178.00 NOTE
r-patched-linux-x86_64 1.2.1 80.00 40.17 120.17 NOTE
r-release-linux-x86_64 1.2.1 77.00 40.01 117.01 NOTE
r-release-macos-arm64 1.2.1 37.00 NOTE
r-release-macos-x86_64 1.2.1 42.00 NOTE
r-release-windows-x86_64 1.2.1 95.00 81.00 176.00 NOTE
r-oldrel-macos-arm64 1.2.1 78.00 NOTE
r-oldrel-macos-x86_64 1.2.1 128.00 NOTE
r-oldrel-windows-x86_64 1.2.1 101.00 94.00 195.00 NOTE

Check Details

Version: 1.2.1
Check: C++ specification
Result: NOTE Specified C++11: please drop specification unless essential Flavors: r-devel-linux-x86_64-debian-clang, r-devel-linux-x86_64-debian-gcc, r-devel-linux-x86_64-fedora-clang, r-devel-linux-x86_64-fedora-gcc, r-devel-windows-x86_64, r-patched-linux-x86_64, r-release-linux-x86_64, r-release-macos-arm64, r-release-macos-x86_64, r-release-windows-x86_64, r-oldrel-macos-arm64, r-oldrel-macos-x86_64, r-oldrel-windows-x86_64

Version: 1.2.1
Check: LazyData
Result: NOTE 'LazyData' is specified without a 'data' directory Flavors: r-patched-linux-x86_64, r-release-linux-x86_64, r-release-macos-arm64, r-release-macos-x86_64, r-release-windows-x86_64, r-oldrel-macos-arm64, r-oldrel-macos-x86_64, r-oldrel-windows-x86_64

Version: 1.2.1
Check: for GNU extensions in Makefiles
Result: NOTE GNU make is a SystemRequirements. Flavors: r-patched-linux-x86_64, r-release-linux-x86_64, r-release-macos-arm64, r-release-macos-x86_64, r-release-windows-x86_64, r-oldrel-macos-arm64, r-oldrel-macos-x86_64, r-oldrel-windows-x86_64

Version: 1.2.1
Check: installed package size
Result: NOTE installed size is 5.2Mb sub-directories of 1Mb or more: libs 4.5Mb Flavor: r-release-macos-arm64