Last updated on 2024-08-17 05:49:28 CEST.
Flavor | Version | Tinstall | Tcheck | Ttotal | Status | Flags |
---|---|---|---|---|---|---|
r-devel-linux-x86_64-debian-clang | 1.0.1 | 11.69 | 109.03 | 120.72 | NOTE | |
r-devel-linux-x86_64-debian-gcc | 1.0.1 | 7.90 | 73.26 | 81.16 | NOTE | |
r-devel-linux-x86_64-fedora-clang | 1.0.1 | 198.16 | NOTE | |||
r-devel-linux-x86_64-fedora-gcc | 1.0.1 | 181.77 | NOTE | |||
r-devel-windows-x86_64 | 1.0.1 | 20.00 | 285.00 | 305.00 | NOTE | |
r-patched-linux-x86_64 | 1.0.1 | 23.01 | 100.79 | 123.80 | NOTE | |
r-release-linux-x86_64 | 1.0.1 | 9.80 | 101.13 | 110.93 | NOTE | |
r-release-macos-arm64 | 1.0.1 | 52.00 | NOTE | |||
r-release-macos-x86_64 | 1.0.1 | 96.00 | NOTE | |||
r-release-windows-x86_64 | 1.0.1 | 17.00 | 276.00 | 293.00 | NOTE | |
r-oldrel-macos-arm64 | 1.0.1 | 49.00 | NOTE | |||
r-oldrel-macos-x86_64 | 1.0.1 | 95.00 | NOTE | |||
r-oldrel-windows-x86_64 | 1.0.1 | 19.00 | 318.00 | 337.00 | NOTE |
Version: 1.0.1
Check: DESCRIPTION meta-information
Result: NOTE
Malformed Description field: should contain one or more complete sentences.
Flavors: r-devel-linux-x86_64-debian-clang, r-devel-linux-x86_64-debian-gcc, r-devel-linux-x86_64-fedora-clang, r-devel-linux-x86_64-fedora-gcc, r-devel-windows-x86_64, r-patched-linux-x86_64, r-release-linux-x86_64, r-release-macos-arm64, r-release-macos-x86_64, r-release-windows-x86_64, r-oldrel-macos-arm64, r-oldrel-macos-x86_64, r-oldrel-windows-x86_64
Version: 1.0.1
Check: data for non-ASCII characters
Result: NOTE
Note: found 170 marked UTF-8 strings
Flavors: r-devel-linux-x86_64-fedora-clang, r-devel-linux-x86_64-fedora-gcc