Last updated on 2024-08-17 05:49:28 CEST.
Flavor | Version | Tinstall | Tcheck | Ttotal | Status | Flags |
---|---|---|---|---|---|---|
r-devel-linux-x86_64-debian-clang | 1.0.3 | 18.82 | 79.33 | 98.15 | NOTE | |
r-devel-linux-x86_64-debian-gcc | 1.0.3 | 12.38 | 54.05 | 66.43 | NOTE | |
r-devel-linux-x86_64-fedora-clang | 1.0.3 | 163.14 | NOTE | |||
r-devel-linux-x86_64-fedora-gcc | 1.0.3 | 147.24 | NOTE | |||
r-devel-windows-x86_64 | 1.0.3 | 21.00 | 137.00 | 158.00 | NOTE | |
r-patched-linux-x86_64 | 1.0.3 | 19.97 | 74.06 | 94.03 | NOTE | |
r-release-linux-x86_64 | 1.0.3 | 17.34 | 74.50 | 91.84 | NOTE | |
r-release-macos-arm64 | 1.0.3 | 45.00 | NOTE | |||
r-release-macos-x86_64 | 1.0.3 | 66.00 | NOTE | |||
r-release-windows-x86_64 | 1.0.3 | 23.00 | 136.00 | 159.00 | NOTE | |
r-oldrel-macos-arm64 | 1.0.3 | 46.00 | NOTE | |||
r-oldrel-macos-x86_64 | 1.0.3 | 110.00 | NOTE | |||
r-oldrel-windows-x86_64 | 1.0.3 | 27.00 | 159.00 | 186.00 | NOTE |
Version: 1.0.3
Check: package dependencies
Result: NOTE
Packages which this enhances but not available for checking:
'NGCHMDemoData', 'NGCHMSupportFiles'
Flavors: r-devel-linux-x86_64-debian-clang, r-devel-linux-x86_64-debian-gcc, r-devel-linux-x86_64-fedora-clang, r-devel-linux-x86_64-fedora-gcc, r-devel-windows-x86_64, r-patched-linux-x86_64, r-release-linux-x86_64, r-release-macos-arm64, r-release-macos-x86_64, r-release-windows-x86_64, r-oldrel-macos-arm64, r-oldrel-macos-x86_64, r-oldrel-windows-x86_64