CRAN Package Check Results for Package NBShiny2

Last updated on 2025-02-10 03:49:25 CET.

Flavor Version Tinstall Tcheck Ttotal Status Flags
r-devel-linux-x86_64-debian-clang 0.1.0 1.39 15.92 17.31 OK
r-devel-linux-x86_64-debian-gcc 0.1.0 1.38 13.37 14.75 OK
r-devel-linux-x86_64-fedora-clang 0.1.0 29.32 NOTE
r-devel-linux-x86_64-fedora-gcc 0.1.0 27.04 NOTE
r-devel-windows-x86_64 0.1.0 4.00 38.00 42.00 OK
r-patched-linux-x86_64 0.1.0 1.63 15.26 16.89 NOTE
r-release-linux-x86_64 0.1.0 1.88 15.37 17.25 NOTE
r-release-macos-arm64 0.1.0 16.00 NOTE
r-release-macos-x86_64 0.1.0 19.00 NOTE
r-release-windows-x86_64 0.1.0 3.00 37.00 40.00 NOTE
r-oldrel-macos-arm64 0.1.0 16.00 NOTE
r-oldrel-macos-x86_64 0.1.0 18.00 NOTE
r-oldrel-windows-x86_64 0.1.0 5.00 41.00 46.00 NOTE

Check Details

Version: 0.1.0
Check: dependencies in R code
Result: NOTE Namespaces in Imports field not imported from: ‘caret’ ‘datasets’ ‘dplyr’ ‘e1071’ ‘rhandsontable’ ‘shiny’ All declared Imports should be used. Flavors: r-devel-linux-x86_64-fedora-clang, r-devel-linux-x86_64-fedora-gcc

Version: 0.1.0
Check: LazyData
Result: NOTE 'LazyData' is specified without a 'data' directory Flavors: r-patched-linux-x86_64, r-release-linux-x86_64, r-release-macos-arm64, r-release-macos-x86_64, r-release-windows-x86_64, r-oldrel-macos-arm64, r-oldrel-macos-x86_64, r-oldrel-windows-x86_64