Last updated on 2025-02-04 05:50:25 CET.
Flavor | Version | Tinstall | Tcheck | Ttotal | Status | Flags |
---|---|---|---|---|---|---|
r-devel-linux-x86_64-debian-clang | 0.1.1 | 6.23 | 73.04 | 79.27 | OK | |
r-devel-linux-x86_64-debian-gcc | 0.1.1 | 4.18 | 51.94 | 56.12 | OK | |
r-devel-linux-x86_64-fedora-clang | 0.1.1 | 94.78 | OK | |||
r-devel-linux-x86_64-fedora-gcc | 0.1.1 | 127.62 | OK | |||
r-devel-windows-x86_64 | 0.1.1 | 12.00 | 91.00 | 103.00 | OK | |
r-patched-linux-x86_64 | 0.1.1 | 5.75 | 69.09 | 74.84 | OK | |
r-release-linux-x86_64 | 0.1.1 | 5.44 | 66.04 | 71.48 | OK | |
r-release-macos-arm64 | 0.1.1 | 54.00 | OK | |||
r-release-macos-x86_64 | 0.1.1 | 90.00 | OK | |||
r-release-windows-x86_64 | 0.1.1 | 11.00 | 86.00 | 97.00 | OK | |
r-oldrel-macos-arm64 | 0.1.1 | 39.00 | NOTE | |||
r-oldrel-macos-x86_64 | 0.1.1 | 74.00 | NOTE | |||
r-oldrel-windows-x86_64 | 0.1.1 | 14.00 | 103.00 | 117.00 | OK |
Version: 0.1.1
Check: package dependencies
Result: NOTE
Package suggested but not available for checking: ‘flowCore’
Flavors: r-oldrel-macos-arm64, r-oldrel-macos-x86_64