Last updated on 2024-08-17 05:49:27 CEST.
Flavor | Version | Tinstall | Tcheck | Ttotal | Status | Flags |
---|---|---|---|---|---|---|
r-devel-linux-x86_64-debian-clang | 0.0.25 | 2.33 | 25.00 | 27.33 | NOTE | |
r-devel-linux-x86_64-debian-gcc | 0.0.25 | 1.66 | 19.99 | 21.65 | NOTE | |
r-devel-linux-x86_64-fedora-clang | 0.0.25 | 44.37 | OK | |||
r-devel-linux-x86_64-fedora-gcc | 0.0.25 | 54.42 | OK | |||
r-devel-windows-x86_64 | 0.0.25 | 3.00 | 45.00 | 48.00 | NOTE | |
r-patched-linux-x86_64 | 0.0.25 | 5.13 | 23.61 | 28.74 | OK | |
r-release-linux-x86_64 | 0.0.25 | 2.21 | 23.87 | 26.08 | OK | |
r-release-macos-arm64 | 0.0.25 | 28.00 | OK | |||
r-release-macos-x86_64 | 0.0.25 | 34.00 | OK | |||
r-release-windows-x86_64 | 0.0.25 | 3.00 | 51.00 | 54.00 | OK | |
r-oldrel-macos-arm64 | 0.0.25 | 31.00 | OK | |||
r-oldrel-macos-x86_64 | 0.0.25 | 34.00 | OK | |||
r-oldrel-windows-x86_64 | 0.0.25 | 4.00 | 49.00 | 53.00 | OK |
Version: 0.0.25
Check: Rd cross-references
Result: NOTE
Found the following Rd file(s) with Rd \link{} targets missing package
anchors:
device_flow_auth.Rd: oauth_endpoint
discover.Rd: oauth_endpoint
Please provide package anchors for all Rd \link{} targets not in the
package itself and the base packages.
Flavors: r-devel-linux-x86_64-debian-clang, r-devel-linux-x86_64-debian-gcc, r-devel-windows-x86_64