Last updated on 2024-08-17 05:49:27 CEST.
Flavor | Version | Tinstall | Tcheck | Ttotal | Status | Flags |
---|---|---|---|---|---|---|
r-devel-linux-x86_64-debian-clang | 1.6.64 | 51.21 | 129.57 | 180.78 | NOTE | |
r-devel-linux-x86_64-debian-gcc | 1.6.64 | 31.15 | 77.57 | 108.72 | NOTE | |
r-devel-linux-x86_64-fedora-clang | 1.6.64 | 319.08 | NOTE | |||
r-devel-linux-x86_64-fedora-gcc | 1.6.64 | 275.89 | NOTE | |||
r-devel-windows-x86_64 | 1.6.64 | 47.00 | 138.00 | 185.00 | NOTE | |
r-patched-linux-x86_64 | 1.6.64 | 47.01 | 120.13 | 167.14 | NOTE | |
r-release-linux-x86_64 | 1.6.64 | 48.32 | 120.48 | 168.80 | NOTE | |
r-release-macos-arm64 | 1.6.64 | 63.00 | NOTE | |||
r-release-macos-x86_64 | 1.6.64 | 123.00 | NOTE | |||
r-release-windows-x86_64 | 1.6.64 | 46.00 | 135.00 | 181.00 | NOTE | |
r-oldrel-macos-arm64 | 1.6.64 | 71.00 | NOTE | |||
r-oldrel-macos-x86_64 | 1.6.64 | 135.00 | NOTE | |||
r-oldrel-windows-x86_64 | 1.6.64 | 49.00 | 172.00 | 221.00 | NOTE |
Version: 1.6.64
Check: package dependencies
Result: NOTE
Package suggested but not available for checking: ‘alstructure’
Packages which this enhances but not available for checking:
'miraculix', 'RandomFieldsUtils', 'MoBPSmaps'
Flavors: r-devel-linux-x86_64-debian-clang, r-devel-linux-x86_64-debian-gcc, r-devel-linux-x86_64-fedora-clang, r-devel-linux-x86_64-fedora-gcc, r-devel-windows-x86_64, r-patched-linux-x86_64, r-release-linux-x86_64, r-release-windows-x86_64, r-oldrel-windows-x86_64
Version: 1.6.64
Check: Rd files
Result: NOTE
checkRd: (-1) creating.phenotypic.transform.Rd:20: Lost braces
20 | trafo <- function(x){ return(x^2)}
| ^
Flavors: r-devel-linux-x86_64-debian-clang, r-devel-linux-x86_64-debian-gcc, r-devel-linux-x86_64-fedora-clang, r-devel-linux-x86_64-fedora-gcc, r-devel-windows-x86_64, r-patched-linux-x86_64, r-release-linux-x86_64, r-release-macos-arm64, r-release-macos-x86_64, r-release-windows-x86_64
Version: 1.6.64
Check: package dependencies
Result: NOTE
Packages suggested but not available for checking:
'doMPI', 'optiSel', 'alstructure'
Packages which this enhances but not available for checking:
'miraculix', 'RandomFieldsUtils', 'MoBPSmaps'
Flavors: r-release-macos-arm64, r-release-macos-x86_64
Version: 1.6.64
Check: package dependencies
Result: NOTE
Packages suggested but not available for checking: 'doMPI', 'alstructure'
Packages which this enhances but not available for checking:
'miraculix', 'RandomFieldsUtils', 'MoBPSmaps'
Flavors: r-oldrel-macos-arm64, r-oldrel-macos-x86_64