Last updated on 2025-02-04 05:50:25 CET.
Flavor | Version | Tinstall | Tcheck | Ttotal | Status | Flags |
---|---|---|---|---|---|---|
r-devel-linux-x86_64-debian-clang | 0.1.2 | 4.85 | 177.10 | 181.95 | OK | |
r-devel-linux-x86_64-debian-gcc | 0.1.2 | 3.40 | 104.30 | 107.70 | OK | |
r-devel-linux-x86_64-fedora-clang | 0.1.2 | 302.30 | NOTE | |||
r-devel-linux-x86_64-fedora-gcc | 0.1.2 | 298.27 | NOTE | |||
r-devel-windows-x86_64 | 0.1.2 | 6.00 | 170.00 | 176.00 | OK | |
r-patched-linux-x86_64 | 0.1.2 | 4.83 | 164.89 | 169.72 | NOTE | |
r-release-linux-x86_64 | 0.1.2 | 3.52 | 165.03 | 168.55 | NOTE | |
r-release-macos-arm64 | 0.1.2 | 73.00 | NOTE | |||
r-release-macos-x86_64 | 0.1.2 | 128.00 | NOTE | |||
r-release-windows-x86_64 | 0.1.2 | 6.00 | 164.00 | 170.00 | NOTE | |
r-oldrel-macos-arm64 | 0.1.2 | 79.00 | NOTE | |||
r-oldrel-macos-x86_64 | 0.1.2 | 126.00 | NOTE | |||
r-oldrel-windows-x86_64 | 0.1.2 | 8.00 | 224.00 | 232.00 | NOTE |
Version: 0.1.2
Check: dependencies in R code
Result: NOTE
Namespace in Imports field not imported from: ‘rlang’
All declared Imports should be used.
Flavors: r-devel-linux-x86_64-fedora-clang, r-devel-linux-x86_64-fedora-gcc
Version: 0.1.2
Check: LazyData
Result: NOTE
'LazyData' is specified without a 'data' directory
Flavors: r-patched-linux-x86_64, r-release-linux-x86_64, r-release-macos-arm64, r-release-macos-x86_64, r-release-windows-x86_64, r-oldrel-macos-arm64, r-oldrel-macos-x86_64, r-oldrel-windows-x86_64