Last updated on 2024-08-17 05:49:27 CEST.
Flavor | Version | Tinstall | Tcheck | Ttotal | Status | Flags |
---|---|---|---|---|---|---|
r-devel-linux-x86_64-debian-clang | 1.3.0 | 71.20 | 197.83 | 269.03 | NOTE | |
r-devel-linux-x86_64-debian-gcc | 1.3.0 | 49.80 | 156.52 | 206.32 | NOTE | |
r-devel-linux-x86_64-fedora-clang | 1.3.0 | 437.17 | OK | |||
r-devel-linux-x86_64-fedora-gcc | 1.3.0 | 437.40 | OK | |||
r-devel-windows-x86_64 | 1.3.0 | 64.00 | 210.00 | 274.00 | OK | |
r-patched-linux-x86_64 | 1.3.0 | 69.41 | 187.05 | 256.46 | NOTE | |
r-release-linux-x86_64 | 1.3.0 | 66.13 | 188.67 | 254.80 | NOTE | |
r-release-macos-arm64 | 1.3.0 | 118.00 | NOTE | |||
r-release-macos-x86_64 | 1.3.0 | 161.00 | NOTE | |||
r-release-windows-x86_64 | 1.3.0 | 64.00 | 208.00 | 272.00 | OK | |
r-oldrel-macos-arm64 | 1.3.0 | 117.00 | NOTE | |||
r-oldrel-macos-x86_64 | 1.3.0 | 301.00 | NOTE | |||
r-oldrel-windows-x86_64 | 1.3.0 | 87.00 | 265.00 | 352.00 | NOTE |
Version: 1.3.0
Check: package dependencies
Result: NOTE
Package suggested but not available for checking: ‘INLA’
Flavors: r-devel-linux-x86_64-debian-clang, r-devel-linux-x86_64-debian-gcc, r-patched-linux-x86_64, r-release-linux-x86_64, r-release-macos-arm64, r-release-macos-x86_64, r-oldrel-macos-arm64, r-oldrel-macos-x86_64, r-oldrel-windows-x86_64
Version: 1.3.0
Check: installed package size
Result: NOTE
installed size is 12.8Mb
sub-directories of 1Mb or more:
libs 11.5Mb
Flavors: r-release-macos-arm64, r-release-macos-x86_64, r-oldrel-macos-arm64, r-oldrel-macos-x86_64