Last updated on 2025-02-11 03:50:15 CET.
Flavor | Version | Tinstall | Tcheck | Ttotal | Status | Flags |
---|---|---|---|---|---|---|
r-devel-linux-x86_64-debian-clang | 1.0 | 13.16 | 21.87 | 35.03 | OK | |
r-devel-linux-x86_64-debian-gcc | 1.0 | 11.66 | 18.52 | 30.18 | OK | |
r-devel-linux-x86_64-fedora-clang | 1.0 | 69.22 | NOTE | |||
r-devel-linux-x86_64-fedora-gcc | 1.0 | 70.22 | NOTE | |||
r-devel-windows-x86_64 | 1.0 | 18.00 | 60.00 | 78.00 | OK | |
r-patched-linux-x86_64 | 1.0 | 14.52 | 21.12 | 35.64 | NOTE | |
r-release-linux-x86_64 | 1.0 | 15.87 | 21.17 | 37.04 | NOTE | |
r-release-macos-arm64 | 1.0 | 22.00 | NOTE | |||
r-release-macos-x86_64 | 1.0 | 31.00 | NOTE | |||
r-release-windows-x86_64 | 1.0 | 18.00 | 57.00 | 75.00 | NOTE | |
r-oldrel-macos-arm64 | 1.0 | 28.00 | NOTE | |||
r-oldrel-macos-x86_64 | 1.0 | 38.00 | NOTE | |||
r-oldrel-windows-x86_64 | 1.0 | 21.00 | 68.00 | 89.00 | NOTE |
Version: 1.0
Check: compiled code
Result: NOTE
File ‘MediaK/libs/MediaK.so’:
Found no calls to: ‘R_registerRoutines’, ‘R_useDynamicSymbols’
It is good practice to register native routines and to disable symbol
search.
See ‘Writing portable packages’ in the ‘Writing R Extensions’ manual.
Flavors: r-devel-linux-x86_64-fedora-clang, r-devel-linux-x86_64-fedora-gcc
Version: 1.0
Check: LazyData
Result: NOTE
'LazyData' is specified without a 'data' directory
Flavors: r-patched-linux-x86_64, r-release-linux-x86_64, r-release-macos-arm64, r-release-macos-x86_64, r-release-windows-x86_64, r-oldrel-macos-arm64, r-oldrel-macos-x86_64, r-oldrel-windows-x86_64