Last updated on 2024-08-17 05:49:27 CEST.
Flavor | Version | Tinstall | Tcheck | Ttotal | Status | Flags |
---|---|---|---|---|---|---|
r-devel-linux-x86_64-debian-clang | 0.3.0 | 7.47 | 71.13 | 78.60 | OK | |
r-devel-linux-x86_64-debian-gcc | 0.3.0 | 4.73 | 50.84 | 55.57 | OK | |
r-devel-linux-x86_64-fedora-clang | 0.3.0 | 134.66 | NOTE | |||
r-devel-linux-x86_64-fedora-gcc | 0.3.0 | 138.60 | NOTE | |||
r-devel-windows-x86_64 | 0.3.0 | 10.00 | 112.00 | 122.00 | OK | |
r-patched-linux-x86_64 | 0.3.0 | 8.76 | 67.07 | 75.83 | OK | |
r-release-linux-x86_64 | 0.3.0 | 6.19 | 67.81 | 74.00 | OK | |
r-release-macos-arm64 | 0.3.0 | 50.00 | OK | |||
r-release-macos-x86_64 | 0.3.0 | 77.00 | OK | |||
r-release-windows-x86_64 | 0.3.0 | 10.00 | 118.00 | 128.00 | OK | |
r-oldrel-macos-arm64 | 0.3.0 | 58.00 | OK | |||
r-oldrel-macos-x86_64 | 0.3.0 | 119.00 | OK | |||
r-oldrel-windows-x86_64 | 0.3.0 | 12.00 | 131.00 | 143.00 | OK |
Version: 0.3.0
Check: data for non-ASCII characters
Result: NOTE
Note: found 1 marked UTF-8 string
Flavors: r-devel-linux-x86_64-fedora-clang, r-devel-linux-x86_64-fedora-gcc