Last updated on 2024-07-18 04:50:18 CEST.
Flavor | Version | Tinstall | Tcheck | Ttotal | Status | Flags |
---|---|---|---|---|---|---|
r-devel-linux-x86_64-debian-clang | 1.0.2 | 44.74 | 386.23 | 430.97 | OK | |
r-devel-linux-x86_64-debian-gcc | 1.0.2 | 32.77 | 267.64 | 300.41 | OK | |
r-devel-linux-x86_64-fedora-clang | 1.0.2 | 521.00 | NOTE | |||
r-devel-linux-x86_64-fedora-gcc | 1.0.2 | 492.75 | NOTE | |||
r-devel-windows-x86_64 | 1.0.2 | 31.00 | 230.00 | 261.00 | OK | |
r-patched-linux-x86_64 | 1.0.2 | 25.56 | 365.65 | 391.21 | OK | |
r-release-linux-x86_64 | 1.0.2 | 25.30 | 366.20 | 391.50 | OK | |
r-release-macos-arm64 | 1.0.2 | 130.00 | OK | |||
r-release-macos-x86_64 | 1.0.2 | 195.00 | OK | |||
r-release-windows-x86_64 | 1.0.2 | 32.00 | 222.00 | 254.00 | OK | |
r-oldrel-macos-arm64 | 1.0.2 | 145.00 | NOTE | |||
r-oldrel-macos-x86_64 | 1.0.2 | 223.00 | NOTE | |||
r-oldrel-windows-x86_64 | 1.0.2 | 42.00 | 311.00 | 353.00 | OK |
Version: 1.0.2
Check: package dependencies
Result: NOTE
Package suggested but not available for checking: ‘BiocCheck’
Flavors: r-devel-linux-x86_64-fedora-clang, r-devel-linux-x86_64-fedora-gcc, r-oldrel-macos-arm64, r-oldrel-macos-x86_64
Version: 1.0.2
Check: data for non-ASCII characters
Result: NOTE
Note: found 41 marked UTF-8 strings
Flavors: r-devel-linux-x86_64-fedora-clang, r-devel-linux-x86_64-fedora-gcc