Last updated on 2024-08-17 05:49:28 CEST.
Flavor | Version | Tinstall | Tcheck | Ttotal | Status | Flags |
---|---|---|---|---|---|---|
r-devel-linux-x86_64-debian-clang | 1.3.7 | 16.97 | 268.25 | 285.22 | OK | |
r-devel-linux-x86_64-debian-gcc | 1.3.7 | 11.05 | 171.86 | 182.91 | OK | |
r-devel-linux-x86_64-fedora-clang | 1.3.7 | 436.20 | NOTE | |||
r-devel-linux-x86_64-fedora-gcc | 1.3.7 | 428.52 | NOTE | |||
r-devel-windows-x86_64 | 1.3.7 | 18.00 | 187.00 | 205.00 | OK | |
r-patched-linux-x86_64 | 1.3.7 | 14.29 | 234.21 | 248.50 | OK | |
r-release-linux-x86_64 | 1.3.7 | 16.03 | 251.72 | 267.75 | OK | |
r-release-macos-arm64 | 1.3.7 | 102.00 | OK | |||
r-release-macos-x86_64 | 1.3.7 | 148.00 | OK | |||
r-release-windows-x86_64 | 1.3.7 | 18.00 | 184.00 | 202.00 | OK | |
r-oldrel-macos-arm64 | 1.3.7 | 116.00 | OK | |||
r-oldrel-macos-x86_64 | 1.3.7 | 176.00 | OK | |||
r-oldrel-windows-x86_64 | 1.3.7 | 24.00 | 243.00 | 267.00 | OK |
Version: 1.3.7
Check: dependencies in R code
Result: NOTE
Namespace in Imports field not imported from: ‘ranger’
All declared Imports should be used.
Flavors: r-devel-linux-x86_64-fedora-clang, r-devel-linux-x86_64-fedora-gcc