Last updated on 2025-04-15 04:51:02 CEST.
Flavor | Version | Tinstall | Tcheck | Ttotal | Status | Flags |
---|---|---|---|---|---|---|
r-devel-linux-x86_64-debian-gcc | 1.1.4 | 2315.81 | 46.62 | 2362.43 | OK | |
r-devel-linux-x86_64-fedora-clang | 1.1.4 | 6911.91 | OK | |||
r-devel-linux-x86_64-fedora-gcc | 1.1.4 | 4963.14 | OK | |||
r-release-macos-arm64 | 1.1.4 | 529.00 | OK | |||
r-release-macos-x86_64 | 1.1.4 | 1212.00 | OK | |||
r-oldrel-macos-arm64 | 1.1.4 | 665.00 | NOTE | |||
r-oldrel-macos-x86_64 | 1.1.4 | 1271.00 | NOTE |
Version: 1.1.4
Check: installed package size
Result: NOTE
installed size is 5.6Mb
sub-directories of 1Mb or more:
libs 5.0Mb
Flavors: r-oldrel-macos-arm64, r-oldrel-macos-x86_64